Last updated on 2025-10-31 20:48:53 CET.
| Flavor | Version | Tinstall | Tcheck | Ttotal | Status | Flags | 
|---|---|---|---|---|---|---|
| r-devel-linux-x86_64-debian-clang | 0.1.0 | 1.73 | 21.58 | 23.31 | NOTE | |
| r-devel-linux-x86_64-debian-gcc | 0.1.0 | 1.50 | 17.88 | 19.38 | NOTE | |
| r-devel-linux-x86_64-fedora-clang | 0.1.0 | 32.63 | NOTE | |||
| r-devel-linux-x86_64-fedora-gcc | 0.1.0 | 30.94 | NOTE | |||
| r-devel-windows-x86_64 | 0.1.0 | 2.00 | 40.00 | 42.00 | NOTE | |
| r-patched-linux-x86_64 | 0.1.0 | 1.83 | 19.46 | 21.29 | NOTE | |
| r-release-linux-x86_64 | 0.1.0 | 1.57 | 19.31 | 20.88 | NOTE | |
| r-release-macos-arm64 | 0.1.0 | 1.00 | 15.00 | 16.00 | NOTE | |
| r-release-macos-x86_64 | 0.1.0 | 2.00 | 22.00 | 24.00 | NOTE | |
| r-release-windows-x86_64 | 0.1.0 | 4.00 | 41.00 | 45.00 | NOTE | |
| r-oldrel-macos-arm64 | 0.1.0 | 1.00 | 13.00 | 14.00 | NOTE | |
| r-oldrel-macos-x86_64 | 0.1.0 | 1.00 | 19.00 | 20.00 | NOTE | |
| r-oldrel-windows-x86_64 | 0.1.0 | 3.00 | 45.00 | 48.00 | NOTE | 
Version: 0.1.0
Check: Rd files
Result: NOTE
  checkRd: (-1) suggests.Rd:14: Lost braces; missing escapes or markup?
      14 | {suggests} aims to make that workflow as minimal and painless as possible,
         | ^
Flavors: r-devel-linux-x86_64-debian-clang, r-devel-linux-x86_64-debian-gcc, r-devel-linux-x86_64-fedora-clang, r-devel-linux-x86_64-fedora-gcc, r-devel-windows-x86_64, r-patched-linux-x86_64, r-release-linux-x86_64, r-release-macos-arm64, r-release-macos-x86_64, r-release-windows-x86_64, r-oldrel-macos-arm64, r-oldrel-macos-x86_64, r-oldrel-windows-x86_64