Last updated on 2025-10-24 05:50:58 CEST.
| Flavor | Version | Tinstall | Tcheck | Ttotal | Status | Flags |
|---|---|---|---|---|---|---|
| r-devel-linux-x86_64-debian-clang | 0.2-1 | 1.98 | 179.62 | 181.60 | NOTE | |
| r-devel-linux-x86_64-debian-gcc | 0.2-1 | 1.56 | 105.29 | 106.85 | NOTE | |
| r-devel-linux-x86_64-fedora-clang | 0.2-1 | 10.00 | 290.88 | 300.88 | OK | |
| r-devel-linux-x86_64-fedora-gcc | 0.2-1 | 298.67 | OK | |||
| r-devel-windows-x86_64 | 0.2-1 | 3.00 | 194.00 | 197.00 | OK | |
| r-patched-linux-x86_64 | 0.2-1 | 2.46 | 169.54 | 172.00 | OK | |
| r-release-linux-x86_64 | 0.2-1 | 2.01 | 170.05 | 172.06 | OK | |
| r-release-macos-arm64 | 0.2-1 | 1.00 | 70.00 | 71.00 | OK | |
| r-release-macos-x86_64 | 0.2-1 | 2.00 | 156.00 | 158.00 | OK | |
| r-release-windows-x86_64 | 0.2-1 | 5.00 | 193.00 | 198.00 | OK | |
| r-oldrel-macos-arm64 | 0.2-1 | 1.00 | 46.00 | 47.00 | OK | |
| r-oldrel-macos-x86_64 | 0.2-1 | 2.00 | 84.00 | 86.00 | OK | |
| r-oldrel-windows-x86_64 | 0.2-1 | 5.00 | 181.00 | 186.00 | OK |
Version: 0.2-1
Check: CRAN incoming feasibility
Result: NOTE
Maintainer: ‘Bill Venables <Bill.Venables@gmail.com>’
No Authors@R field in DESCRIPTION.
Please add one, modifying
Authors@R: person(given = "Bill",
family = "Venables",
role = c("aut", "cre"),
email = "Bill.Venables@gmail.com")
as necessary.
Flavors: r-devel-linux-x86_64-debian-clang, r-devel-linux-x86_64-debian-gcc