Last updated on 2025-10-31 20:48:53 CET.
| Flavor | Version | Tinstall | Tcheck | Ttotal | Status | Flags | 
|---|---|---|---|---|---|---|
| r-devel-linux-x86_64-debian-clang | 1.0.0 | 2.02 | 36.13 | 38.15 | OK | |
| r-devel-linux-x86_64-debian-gcc | 1.0.0 | 1.56 | 28.55 | 30.11 | OK | |
| r-devel-linux-x86_64-fedora-clang | 1.0.0 | 54.04 | OK | |||
| r-devel-linux-x86_64-fedora-gcc | 1.0.0 | 52.12 | OK | |||
| r-devel-windows-x86_64 | 1.0.0 | 3.00 | 51.00 | 54.00 | OK | |
| r-patched-linux-x86_64 | 1.0.0 | 2.21 | 33.65 | 35.86 | OK | |
| r-release-linux-x86_64 | 1.0.0 | 1.91 | 32.76 | 34.67 | OK | |
| r-release-macos-arm64 | 1.0.0 | 1.00 | 21.00 | 22.00 | OK | |
| r-release-macos-x86_64 | 1.0.0 | 2.00 | 35.00 | 37.00 | OK | |
| r-release-windows-x86_64 | 1.0.0 | 4.00 | 52.00 | 56.00 | OK | |
| r-oldrel-macos-arm64 | 1.0.0 | 1.00 | 21.00 | 22.00 | NOTE | |
| r-oldrel-macos-x86_64 | 1.0.0 | 2.00 | 29.00 | 31.00 | NOTE | |
| r-oldrel-windows-x86_64 | 1.0.0 | 4.00 | 63.00 | 67.00 | NOTE | 
Version: 1.0.0
Check: LazyData
Result: NOTE
    'LazyData' is specified without a 'data' directory
Flavors: r-oldrel-macos-arm64, r-oldrel-macos-x86_64, r-oldrel-windows-x86_64