Last updated on 2025-10-21 17:50:03 CEST.
Flavor | Version | Tinstall | Tcheck | Ttotal | Status | Flags |
---|---|---|---|---|---|---|
r-devel-linux-x86_64-debian-clang | 1.0.5 | 52.25 | 382.33 | 434.58 | NOTE | |
r-devel-linux-x86_64-debian-gcc | 1.0.5 | 32.03 | 239.74 | 271.77 | NOTE | |
r-devel-linux-x86_64-fedora-clang | 1.0.5 | 266.00 | 465.54 | 731.54 | OK | |
r-devel-linux-x86_64-fedora-gcc | 1.0.5 | 101.00 | 558.60 | 659.60 | OK | |
r-devel-windows-x86_64 | 1.0.5 | 47.00 | 316.00 | 363.00 | OK | |
r-patched-linux-x86_64 | 1.0.5 | 50.81 | 359.62 | 410.43 | OK | |
r-release-linux-x86_64 | 1.0.5 | 45.75 | 359.75 | 405.50 | OK | |
r-release-macos-arm64 | 1.0.5 | 17.00 | 137.00 | 154.00 | OK | |
r-release-macos-x86_64 | 1.0.5 | 63.00 | 316.00 | 379.00 | OK | |
r-release-windows-x86_64 | 1.0.5 | 48.00 | 319.00 | 367.00 | OK | |
r-oldrel-macos-arm64 | 1.0.5 | 21.00 | 149.00 | 170.00 | OK | |
r-oldrel-macos-x86_64 | 1.0.5 | 37.00 | 302.00 | 339.00 | OK | |
r-oldrel-windows-x86_64 | 1.0.5 | 64.00 | 413.00 | 477.00 | OK |
Version: 1.0.5
Check: HTML version of manual
Result: NOTE
Found the following HTML validation problems:
Streetscape-class.html:234:1 (Streetscape-class.Rd:131): Warning: missing </ul> before </div>
Streetscape-class.html:114:1 (Streetscape-class.Rd:66): Warning: <h5> anchor "Usage" already defined
Streetscape-class.html:146:1 (Streetscape-class.Rd:85): Warning: <h5> anchor "Usage" already defined
Streetscape-class.html:153:1 (Streetscape-class.Rd:88): Warning: <h5> anchor "Arguments" already defined
Streetscape-class.html:172:1 (Streetscape-class.Rd:98): Warning: <h5> anchor "Usage" already defined
Streetscape-class.html:179:1 (Streetscape-class.Rd:101): Warning: <h5> anchor "Arguments" already defined
Streetscape-class.html:206:1 (Streetscape-class.Rd:118): Warning: <h5> anchor "Usage" already defined
Streetscape-class.html:214:1 (Streetscape-class.Rd:122): Warning: <h5> anchor "Arguments" already defined
Flavors: r-devel-linux-x86_64-debian-clang, r-devel-linux-x86_64-debian-gcc