CRAN Package Check Results for Package stray

Last updated on 2025-11-20 02:49:28 CET.

Flavor Version Tinstall Tcheck Ttotal Status Flags
r-devel-linux-x86_64-debian-clang 0.1.1 4.62 55.53 60.15 NOTE
r-devel-linux-x86_64-debian-gcc 0.1.1 3.93 43.28 47.21 NOTE
r-devel-linux-x86_64-fedora-clang 0.1.1 14.00 79.95 93.95 NOTE
r-devel-linux-x86_64-fedora-gcc 0.1.1 11.00 76.56 87.56 NOTE
r-devel-windows-x86_64 0.1.1 11.00 67.00 78.00 OK
r-patched-linux-x86_64 0.1.1 6.07 52.59 58.66 OK
r-release-linux-x86_64 0.1.1 5.64 52.05 57.69 OK
r-release-macos-arm64 0.1.1 OK
r-release-macos-x86_64 0.1.1 4.00 37.00 41.00 OK
r-release-windows-x86_64 0.1.1 8.00 65.00 73.00 OK
r-oldrel-macos-arm64 0.1.1 OK
r-oldrel-macos-x86_64 0.1.1 4.00 36.00 40.00 OK
r-oldrel-windows-x86_64 0.1.1 11.00 83.00 94.00 OK

Check Details

Version: 0.1.1
Check: CRAN incoming feasibility
Result: NOTE Maintainer: ‘Priyanga Dilini Talagala <pritalagala@gmail.com>’ The Description field contains <arXiv:1908.04000> for detecting anomalies in high-dimensional data Please refer to arXiv e-prints via their arXiv DOI <doi:10.48550/arXiv.YYMM.NNNNN>. Flavors: r-devel-linux-x86_64-debian-clang, r-devel-linux-x86_64-debian-gcc

Version: 0.1.1
Check: dependencies in R code
Result: NOTE Namespace in Imports field not imported from: ‘ks’ All declared Imports should be used. Flavors: r-devel-linux-x86_64-fedora-clang, r-devel-linux-x86_64-fedora-gcc