Last updated on 2025-10-24 11:50:59 CEST.
| Flavor | Version | Tinstall | Tcheck | Ttotal | Status | Flags |
|---|---|---|---|---|---|---|
| r-devel-linux-x86_64-debian-clang | 0.1.4 | 5.02 | 46.47 | 51.49 | OK | |
| r-devel-linux-x86_64-debian-gcc | 0.1.4 | 4.13 | 33.83 | 37.96 | OK | |
| r-devel-linux-x86_64-fedora-clang | 0.1.4 | 12.00 | 61.51 | 73.51 | NOTE | |
| r-devel-linux-x86_64-fedora-gcc | 0.1.4 | 11.00 | 58.52 | 69.52 | NOTE | |
| r-devel-windows-x86_64 | 0.1.4 | 7.00 | 58.00 | 65.00 | OK | |
| r-patched-linux-x86_64 | 0.1.4 | 5.31 | 41.18 | 46.49 | OK | |
| r-release-linux-x86_64 | 0.1.4 | 4.49 | 41.40 | 45.89 | OK | |
| r-release-macos-arm64 | 0.1.4 | 2.00 | 23.00 | 25.00 | OK | |
| r-release-macos-x86_64 | 0.1.4 | 6.00 | 41.00 | 47.00 | OK | |
| r-release-windows-x86_64 | 0.1.4 | 9.00 | 59.00 | 68.00 | OK | |
| r-oldrel-macos-arm64 | 0.1.4 | 3.00 | 24.00 | 27.00 | OK | |
| r-oldrel-macos-x86_64 | 0.1.4 | 4.00 | 32.00 | 36.00 | OK | |
| r-oldrel-windows-x86_64 | 0.1.4 | 9.00 | 71.00 | 80.00 | OK |
Version: 0.1.4
Check: dependencies in R code
Result: NOTE
Namespace in Imports field not imported from: ‘tibble’
All declared Imports should be used.
Flavors: r-devel-linux-x86_64-fedora-clang, r-devel-linux-x86_64-fedora-gcc