Last updated on 2025-10-30 19:53:38 CET.
| Flavor | Version | Tinstall | Tcheck | Ttotal | Status | Flags | 
|---|---|---|---|---|---|---|
| r-devel-linux-x86_64-debian-clang | 0.5.1 | 3.42 | 64.66 | 68.08 | OK | |
| r-devel-linux-x86_64-debian-gcc | 0.5.1 | 2.38 | 48.88 | 51.26 | OK | |
| r-devel-linux-x86_64-fedora-clang | 0.5.1 | 12.00 | 89.39 | 101.39 | OK | |
| r-devel-linux-x86_64-fedora-gcc | 0.5.1 | 94.74 | OK | |||
| r-devel-windows-x86_64 | 0.5.1 | 5.00 | 79.00 | 84.00 | OK | |
| r-patched-linux-x86_64 | 0.5.1 | 2.82 | 59.98 | 62.80 | OK | |
| r-release-linux-x86_64 | 0.5.1 | 2.72 | 60.84 | 63.56 | OK | |
| r-release-macos-arm64 | 0.5.1 | 2.00 | 34.00 | 36.00 | OK | |
| r-release-macos-x86_64 | 0.5.1 | 3.00 | 53.00 | 56.00 | OK | |
| r-release-windows-x86_64 | 0.5.1 | 7.00 | 81.00 | 88.00 | OK | |
| r-oldrel-macos-arm64 | 0.5.1 | 2.00 | 35.00 | 37.00 | NOTE | |
| r-oldrel-macos-x86_64 | 0.5.1 | 5.00 | 50.00 | 55.00 | NOTE | |
| r-oldrel-windows-x86_64 | 0.5.1 | 7.00 | 100.00 | 107.00 | NOTE | 
Version: 0.5.1
Check: LazyData
Result: NOTE
    'LazyData' is specified without a 'data' directory
Flavors: r-oldrel-macos-arm64, r-oldrel-macos-x86_64, r-oldrel-windows-x86_64