Last updated on 2025-11-21 02:50:36 CET.
| Flavor | Version | Tinstall | Tcheck | Ttotal | Status | Flags |
|---|---|---|---|---|---|---|
| r-devel-linux-x86_64-debian-clang | 0.0-10 | 145.33 | 86.22 | 231.55 | OK | |
| r-devel-linux-x86_64-debian-gcc | 0.0-10 | 115.07 | 64.41 | 179.48 | OK | |
| r-devel-linux-x86_64-fedora-clang | 0.0-10 | 561.00 | -181.74 | 379.26 | OK | |
| r-devel-linux-x86_64-fedora-gcc | 0.0-10 | 303.00 | 81.62 | 384.62 | OK | |
| r-devel-windows-x86_64 | 0.0-10 | 235.00 | 121.00 | 356.00 | OK | |
| r-patched-linux-x86_64 | 0.0-10 | 160.14 | 84.41 | 244.55 | OK | |
| r-release-linux-x86_64 | 0.0-10 | 159.48 | 84.01 | 243.49 | OK | |
| r-release-macos-arm64 | 0.0-10 | OK | ||||
| r-release-macos-x86_64 | 0.0-10 | 158.00 | 131.00 | 289.00 | OK | |
| r-release-windows-x86_64 | 0.0-10 | 186.00 | 117.00 | 303.00 | OK | |
| r-oldrel-macos-arm64 | 0.0-10 | NOTE | ||||
| r-oldrel-macos-x86_64 | 0.0-10 | 64.00 | 55.00 | 119.00 | NOTE | |
| r-oldrel-windows-x86_64 | 0.0-10 | 229.00 | 155.00 | 384.00 | OK |
Version: 0.0-10
Check: installed package size
Result: NOTE
installed size is 49.9Mb
sub-directories of 1Mb or more:
libs 49.6Mb
Flavors: r-oldrel-macos-arm64, r-oldrel-macos-x86_64