Last updated on 2025-10-30 19:53:38 CET.
| Flavor | Version | Tinstall | Tcheck | Ttotal | Status | Flags |
|---|---|---|---|---|---|---|
| r-devel-linux-x86_64-debian-clang | 0.1.1 | 58.09 | 464.55 | 522.64 | OK | |
| r-devel-linux-x86_64-debian-gcc | 0.1.1 | 43.69 | 342.10 | 385.79 | OK | |
| r-devel-linux-x86_64-fedora-clang | 0.1.1 | 504.00 | 385.25 | 889.25 | OK | |
| r-devel-linux-x86_64-fedora-gcc | 0.1.1 | 455.00 | 414.62 | 869.62 | OK | |
| r-devel-windows-x86_64 | 0.1.1 | 58.00 | 378.00 | 436.00 | OK | |
| r-patched-linux-x86_64 | 0.1.1 | 0.33 | 2.13 | 2.46 | ERROR | |
| r-release-linux-x86_64 | 0.1.1 | 52.64 | 436.25 | 488.89 | OK | |
| r-release-macos-arm64 | 0.1.1 | 5.00 | ERROR | |||
| r-release-macos-x86_64 | 0.1.1 | 50.00 | 340.00 | 390.00 | OK | |
| r-release-windows-x86_64 | 0.1.1 | 56.00 | 375.00 | 431.00 | OK | |
| r-oldrel-macos-arm64 | 0.1.1 | 25.00 | 174.00 | 199.00 | OK | |
| r-oldrel-macos-x86_64 | 0.1.1 | 82.00 | 496.00 | 578.00 | OK | |
| r-oldrel-windows-x86_64 | 0.1.1 | 72.00 | 514.00 | 586.00 | OK |
Version: 0.1.1
Check: package dependencies
Result: ERROR
Package required but not available: ‘GSVA’
See section ‘The DESCRIPTION file’ in the ‘Writing R Extensions’
manual.
Flavor: r-patched-linux-x86_64
Version: 0.1.1
Check: package dependencies
Result: ERROR
Package required but not available: ‘org.Hs.eg.db’
See section ‘The DESCRIPTION file’ in the ‘Writing R Extensions’
manual.
Flavor: r-release-macos-arm64