Last updated on 2025-10-31 07:52:01 CET.
| Flavor | Version | Tinstall | Tcheck | Ttotal | Status | Flags | 
|---|---|---|---|---|---|---|
| r-devel-linux-x86_64-debian-clang | 2.0.1 | 50.28 | 445.06 | 495.34 | NOTE | |
| r-devel-linux-x86_64-debian-gcc | 2.0.1 | 33.80 | 263.95 | 297.75 | NOTE | |
| r-devel-linux-x86_64-fedora-clang | 2.0.1 | 108.00 | 690.98 | 798.98 | NOTE | |
| r-devel-linux-x86_64-fedora-gcc | 2.0.1 | 199.00 | 626.83 | 825.83 | NOTE | |
| r-devel-windows-x86_64 | 2.0.1 | 58.00 | 390.00 | 448.00 | OK | |
| r-patched-linux-x86_64 | 2.0.1 | 51.11 | 408.11 | 459.22 | OK | |
| r-release-linux-x86_64 | 2.0.1 | 51.85 | 410.67 | 462.52 | OK | |
| r-release-macos-arm64 | 2.0.1 | 22.00 | 210.00 | 232.00 | OK | |
| r-release-macos-x86_64 | 2.0.1 | 48.00 | 374.00 | 422.00 | OK | |
| r-release-windows-x86_64 | 2.0.1 | 55.00 | 391.00 | 446.00 | OK | |
| r-oldrel-macos-arm64 | 2.0.1 | 22.00 | 192.00 | 214.00 | OK | |
| r-oldrel-macos-x86_64 | 2.0.1 | 43.00 | 380.00 | 423.00 | OK | |
| r-oldrel-windows-x86_64 | 2.0.1 | 68.00 | 548.00 | 616.00 | OK | 
Version: 2.0.1
Check: Rd files
Result: NOTE
  checkRd: (-1) plot.msPCA.Rd:53-59: Only 2 columns allowed in this table (row 2 has 1)
  checkRd: (-1) plot.msPCA.Rd:53-59: Only 2 columns allowed in this table (row 3 has 1)
  checkRd: (-1) plot.msPCA.Rd:62-70: Only 2 columns allowed in this table (row 2 has 1)
Flavors: r-devel-linux-x86_64-debian-clang, r-devel-linux-x86_64-debian-gcc, r-devel-linux-x86_64-fedora-clang, r-devel-linux-x86_64-fedora-gcc