CRAN Package Check Results for Package sqlq

Last updated on 2025-10-21 11:53:40 CEST.

Flavor Version Tinstall Tcheck Ttotal Status Flags
r-devel-linux-x86_64-debian-clang 1.0.1 30.76 65.90 96.66 NOTE
r-devel-linux-x86_64-debian-gcc 1.0.1 19.18 47.40 66.58 NOTE
r-devel-linux-x86_64-fedora-clang 1.0.1 142.81 OK
r-devel-linux-x86_64-fedora-gcc 1.0.1 59.00 96.71 155.71 OK
r-devel-windows-x86_64 1.0.1 27.00 89.00 116.00 OK
r-patched-linux-x86_64 1.0.1 28.44 60.97 89.41 OK
r-release-linux-x86_64 1.0.1 29.35 60.22 89.57 OK
r-release-macos-arm64 1.0.1 49.00 OK
r-release-macos-x86_64 1.0.1 30.00 68.00 98.00 OK
r-release-windows-x86_64 1.0.1 27.00 95.00 122.00 OK
r-oldrel-macos-arm64 1.0.1 54.00 OK
r-oldrel-macos-x86_64 1.0.1 107.00 OK
r-oldrel-windows-x86_64 1.0.1 39.00 108.00 147.00 OK

Check Details

Version: 1.0.1
Check: HTML version of manual
Result: NOTE Found the following HTML validation problems: ExprBetween.html:118:1 (ExprBetween.Rd:66): Warning: <h5> anchor "Usage" already defined ExprBetween.html:124:1 (ExprBetween.Rd:70): Warning: <h5> anchor "Returns" already defined ExprBetween.html:141:1 (ExprBetween.Rd:79): Warning: <h5> anchor "Usage" already defined ExprBetween.html:147:1 (ExprBetween.Rd:83): Warning: <h5> anchor "Arguments" already defined ExprBinOp.html:122:1 (ExprBinOp.Rd:70): Warning: <h5> anchor "Usage" already defined ExprBinOp.html:128:1 (ExprBinOp.Rd:74): Warning: <h5> anchor "Returns" already defined ExprBinOp.html:145:1 (ExprBinOp.Rd:83): Warning: <h5> anchor "Usage" already defined ExprBinOp.html:151:1 (ExprBinOp.Rd:87): Warning: <h5> anchor "Arguments" already defined ExprCommOp.html:124:1 (ExprCommOp.Rd:69): Warning: <h5> anchor "Usage" already defined ExprCommOp.html:130:1 (ExprCommOp.Rd:73): Warning: <h5> anchor "Arguments" already defined ExprCommOp.html:143:1 (ExprCommOp.Rd:80): Warning: <h5> anchor "Returns" already defined ExprCommOp.html:160:1 (ExprCommOp.Rd:89): Warning: <h5> anchor "Usage" already defined ExprCommOp.html:166:1 (ExprCommOp.Rd:93): Warning: <h5> anchor "Returns" already defined ExprCommOp.html:183:1 (ExprCommOp.Rd:102): Warning: <h5> anchor "Usage" already defined ExprCommOp.html:189:1 (ExprCommOp.Rd:106): Warning: <h5> anchor "Returns" already defined ExprCommOp.html:206:1 (ExprCommOp.Rd:115): Warning: <h5> anchor "Usage" already defined ExprCommOp.html:212:1 (ExprCommOp.Rd:119): Warning: <h5> anchor "Arguments" already defined ExprComp.html:115:1 (ExprComp.Rd:62): Warning: <h5> anchor "Usage" already defined ExprComp.html:121:1 (ExprComp.Rd:66): Warning: <h5> anchor "Arguments" already defined ExprComp.html:135:1 (ExprComp.Rd:74): Warning: <h5> anchor "Returns" already defined ExprComp.html:152:1 (ExprComp.Rd:83): Warning: <h5> anchor "Usage" already defined ExprComp.html:158:1 (ExprComp.Rd:87): Warning: <h5> anchor "Arguments" already defined ExprField.html:119:1 (ExprField.Rd:65): Warning: <h5> anchor "Usage" already defined ExprField.html:125:1 (ExprField.Rd:69): Warning: <h5> anchor "Returns" already defined ExprField.html:143:1 (ExprField.Rd:79): Warning: <h5> anchor "Usage" already defined ExprField.html:149:1 (ExprField.Rd:83): Warning: <h5> anchor "Returns" already defined ExprField.html:166:1 (ExprField.Rd:92): Warning: <h5> anchor "Usage" already defined ExprField.html:172:1 (ExprField.Rd:96): Warning: <h5> anchor "Arguments" already defined ExprFieldDef.html:120:1 (ExprFieldDef.Rd:68): Warning: <h5> anchor "Usage" already defined ExprFieldDef.html:126:1 (ExprFieldDef.Rd:72): Warning: <h5> anchor "Returns" already defined ExprFieldDef.html:143:1 (ExprFieldDef.Rd:81): Warning: <h5> anchor "Usage" already defined ExprFieldDef.html:149:1 (ExprFieldDef.Rd:85): Warning: <h5> anchor "Arguments" already defined ExprIsNotNull.html:117:1 (ExprIsNotNull.Rd:65): Warning: <h5> anchor "Usage" already defined ExprIsNotNull.html:123:1 (ExprIsNotNull.Rd:69): Warning: <h5> anchor "Returns" already defined ExprIsNotNull.html:140:1 (ExprIsNotNull.Rd:78): Warning: <h5> anchor "Usage" already defined ExprIsNotNull.html:146:1 (ExprIsNotNull.Rd:82): Warning: <h5> anchor "Arguments" already defined ExprIsNull.html:117:1 (ExprIsNull.Rd:65): Warning: <h5> anchor "Usage" already defined ExprIsNull.html:123:1 (ExprIsNull.Rd:69): Warning: <h5> anchor "Returns" already defined ExprIsNull.html:140:1 (ExprIsNull.Rd:78): Warning: <h5> anchor "Usage" already defined ExprIsNull.html:146:1 (ExprIsNull.Rd:82): Warning: <h5> anchor "Arguments" already defined ExprList.html:115:1 (ExprList.Rd:62): Warning: <h5> anchor "Usage" already defined ExprList.html:121:1 (ExprList.Rd:66): Warning: <h5> anchor "Returns" already defined ExprList.html:138:1 (ExprList.Rd:75): Warning: <h5> anchor "Usage" already defined ExprList.html:144:1 (ExprList.Rd:79): Warning: <h5> anchor "Arguments" already defined ExprListFields.html:112:1 (ExprListFields.Rd:64): Warning: <h5> anchor "Usage" already defined ExprListFields.html:118:1 (ExprListFields.Rd:68): Warning: <h5> anchor "Arguments" already defined ExprListValues.html:112:1 (ExprListValues.Rd:64): Warning: <h5> anchor "Usage" already defined ExprListValues.html:118:1 (ExprListValues.Rd:68): Warning: <h5> anchor "Arguments" already defined ExprUnaryOp.html:120:1 (ExprUnaryOp.Rd:68): Warning: <h5> anchor "Usage" already defined ExprUnaryOp.html:126:1 (ExprUnaryOp.Rd:72): Warning: <h5> anchor "Returns" already defined ExprUnaryOp.html:143:1 (ExprUnaryOp.Rd:81): Warning: <h5> anchor "Usage" already defined ExprUnaryOp.html:149:1 (ExprUnaryOp.Rd:85): Warning: <h5> anchor "Arguments" already defined ExprValue.html:114:1 (ExprValue.Rd:65): Warning: <h5> anchor "Usage" already defined ExprValue.html:120:1 (ExprValue.Rd:69): Warning: <h5> anchor "Returns" already defined ExprValue.html:137:1 (ExprValue.Rd:78): Warning: <h5> anchor "Usage" already defined ExprValue.html:143:1 (ExprValue.Rd:82): Warning: <h5> anchor "Arguments" already defined Query.html:108:1 (Query.Rd:56): Warning: <h5> anchor "Usage" already defined Query.html:114:1 (Query.Rd:60): Warning: <h5> anchor "Arguments" already defined Query.html:127:1 (Query.Rd:67): Warning: <h5> anchor "Returns" already defined Query.html:144:1 (Query.Rd:76): Warning: <h5> anchor "Usage" already defined Query.html:150:1 (Query.Rd:80): Warning: <h5> anchor "Returns" already defined Query.html:167:1 (Query.Rd:89): Warning: <h5> anchor "Usage" already defined Query.html:173:1 (Query.Rd:93): Warning: <h5> anchor "Arguments" already defined QueryCreate.html:114:1 (QueryCreate.Rd:71): Warning: <h5> anchor "Usage" already defined QueryCreate.html:120:1 (QueryCreate.Rd:75): Warning: <h5> anchor "Arguments" already defined QueryDelete.html:113:1 (QueryDelete.Rd:71): Warning: <h5> anchor "Usage" already defined QueryDelete.html:119:1 (QueryDelete.Rd:75): Warning: <h5> anchor "Arguments" already defined QueryInsert.html:116:1 (QueryInsert.Rd:73): Warning: <h5> anchor "Usage" already defined QueryInsert.html:122:1 (QueryInsert.Rd:77): Warning: <h5> anchor "Arguments" already defined QuerySelect.html:116:1 (QuerySelect.Rd:70): Warning: <h5> anchor "Usage" already defined QuerySelect.html:122:1 (QuerySelect.Rd:74): Warning: <h5> anchor "Arguments" already defined QueryUpdate.html:116:1 (QueryUpdate.Rd:75): Warning: <h5> anchor "Usage" already defined QueryUpdate.html:122:1 (QueryUpdate.Rd:79): Warning: <h5> anchor "Arguments" already defined Statement.html:93:1 (Statement.Rd:47): Warning: <h5> anchor "Usage" already defined Statement.html:99:1 (Statement.Rd:51): Warning: <h5> anchor "Returns" already defined Statement.html:116:1 (Statement.Rd:60): Warning: <h5> anchor "Usage" already defined Statement.html:122:1 (Statement.Rd:64): Warning: <h5> anchor "Returns" already defined Statement.html:139:1 (Statement.Rd:73): Warning: <h5> anchor "Usage" already defined StmtCreate.html:110:1 (StmtCreate.Rd:64): Warning: <h5> anchor "Usage" already defined StmtCreate.html:116:1 (StmtCreate.Rd:68): Warning: <h5> anchor "Returns" already defined StmtCreate.html:133:1 (StmtCreate.Rd:77): Warning: <h5> anchor "Usage" already defined StmtCreate.html:139:1 (StmtCreate.Rd:81): Warning: <h5> anchor "Arguments" already defined StmtDelete.html:108:1 (StmtDelete.Rd:59): Warning: <h5> anchor "Usage" already defined StmtDelete.html:114:1 (StmtDelete.Rd:63): Warning: <h5> anchor "Returns" already defined StmtDelete.html:131:1 (StmtDelete.Rd:72): Warning: <h5> anchor "Usage" already defined StmtDelete.html:137:1 (StmtDelete.Rd:76): Warning: <h5> anchor "Arguments" already defined StmtFrom.html:108:1 (StmtFrom.Rd:59): Warning: <h5> anchor "Usage" already defined StmtFrom.html:114:1 (StmtFrom.Rd:63): Warning: <h5> anchor "Returns" already defined StmtFrom.html:131:1 (StmtFrom.Rd:72): Warning: <h5> anchor "Usage" already defined StmtFrom.html:137:1 (StmtFrom.Rd:76): Warning: <h5> anchor "Arguments" already defined StmtInsert.html:110:1 (StmtInsert.Rd:62): Warning: <h5> anchor "Usage" already defined StmtInsert.html:116:1 (StmtInsert.Rd:66): Warning: <h5> anchor "Returns" already defined StmtInsert.html:133:1 (StmtInsert.Rd:75): Warning: <h5> anchor "Usage" already defined StmtInsert.html:139:1 (StmtInsert.Rd:79): Warning: <h5> anchor "Arguments" already defined StmtJoin.html:124:1 (StmtJoin.Rd:79): Warning: <h5> anchor "Usage" already defined StmtJoin.html:130:1 (StmtJoin.Rd:83): Warning: <h5> anchor "Returns" already defined StmtJoin.html:147:1 (StmtJoin.Rd:92): Warning: <h5> anchor "Usage" already defined StmtJoin.html:153:1 (StmtJoin.Rd:96): Warning: <h5> anchor "Arguments" already defined StmtLimit.html:115:1 (StmtLimit.Rd:68): Warning: <h5> anchor "Usage" already defined StmtLimit.html:121:1 (StmtLimit.Rd:72): Warning: <h5> anchor "Returns" already defined StmtLimit.html:138:1 (StmtLimit.Rd:81): Warning: <h5> anchor "Usage" already defined StmtLimit.html:144:1 (StmtLimit.Rd:85): Warning: <h5> anchor "Arguments" already defined StmtSelect.html:114:1 (StmtSelect.Rd:66): Warning: <h5> anchor "Usage" already defined StmtSelect.html:120:1 (StmtSelect.Rd:70): Warning: <h5> anchor "Arguments" already defined StmtSelectAll.html:117:1 (StmtSelectAll.Rd:72): Warning: <h5> anchor "Usage" already defined StmtSelectAll.html:123:1 (StmtSelectAll.Rd:76): Warning: <h5> anchor "Returns" already defined StmtSelectAll.html:140:1 (StmtSelectAll.Rd:85): Warning: <h5> anchor "Usage" already defined StmtSelectAll.html:146:1 (StmtSelectAll.Rd:89): Warning: <h5> anchor "Arguments" already defined StmtSelectFields.html:119:1 (StmtSelectFields.Rd:73): Warning: <h5> anchor "Usage" already defined StmtSelectFields.html:125:1 (StmtSelectFields.Rd:77): Warning: <h5> anchor "Returns" already defined StmtSelectFields.html:142:1 (StmtSelectFields.Rd:86): Warning: <h5> anchor "Usage" already defined StmtSelectFields.html:148:1 (StmtSelectFields.Rd:90): Warning: <h5> anchor "Arguments" already defined StmtSet.html:107:1 (StmtSet.Rd:66): Warning: <h5> anchor "Usage" already defined StmtSet.html:128:1 (StmtSet.Rd:79): Warning: <h5> anchor "Returns" already defined StmtSet.html:145:1 (StmtSet.Rd:88): Warning: <h5> anchor "Usage" already defined StmtSet.html:151:1 (StmtSet.Rd:92): Warning: <h5> anchor "Returns" already defined StmtSet.html:168:1 (StmtSet.Rd:101): Warning: <h5> anchor "Usage" already defined StmtSet.html:174:1 (StmtSet.Rd:105): Warning: <h5> anchor "Arguments" already defined StmtUpdate.html:114:1 (StmtUpdate.Rd:62): Warning: <h5> anchor "Usage" already defined StmtUpdate.html:120:1 (StmtUpdate.Rd:66): Warning: <h5> anchor "Returns" already defined StmtUpdate.html:137:1 (StmtUpdate.Rd:75): Warning: <h5> anchor "Usage" already defined StmtUpdate.html:143:1 (StmtUpdate.Rd:79): Warning: <h5> anchor "Arguments" already defined StmtValues.html:115:1 (StmtValues.Rd:65): Warning: <h5> anchor "Usage" already defined StmtValues.html:121:1 (StmtValues.Rd:69): Warning: <h5> anchor "Returns" already defined StmtValues.html:138:1 (StmtValues.Rd:78): Warning: <h5> anchor "Usage" already defined StmtValues.html:144:1 (StmtValues.Rd:82): Warning: <h5> anchor "Arguments" already defined StmtWhere.html:115:1 (StmtWhere.Rd:69): Warning: <h5> anchor "Usage" already defined StmtWhere.html:121:1 (StmtWhere.Rd:73): Warning: <h5> anchor "Returns" already defined StmtWhere.html:138:1 (StmtWhere.Rd:82): Warning: <h5> anchor "Usage" already defined StmtWhere.html:144:1 (StmtWhere.Rd:86): Warning: <h5> anchor "Arguments" already defined Token.html:86:1 (Token.Rd:44): Warning: <h5> anchor "Usage" already defined TokenEmpty.html:96:1 (TokenEmpty.Rd:49): Warning: <h5> anchor "Usage" already defined TokenEmpty.html:102:1 (TokenEmpty.Rd:53): Warning: <h5> anchor "Returns" already defined TokenEmpty.html:119:1 (TokenEmpty.Rd:62): Warning: <h5> anchor "Usage" already defined TokenIdentifier.html:107:1 (TokenIdentifier.Rd:54): Warning: <h5> anchor "Usage" already defined TokenIdentifier.html:113:1 (TokenIdentifier.Rd:58): Warning: <h5> anchor "Returns" already defined TokenIdentifier.html:130:1 (TokenIdentifier.Rd:67): Warning: <h5> anchor "Usage" already defined TokenIdentifier.html:136:1 (TokenIdentifier.Rd:71): Warning: <h5> anchor "Arguments" already defined TokenKeyword.html:107:1 (TokenKeyword.Rd:54): Warning: <h5> anchor "Usage" already defined TokenKeyword.html:113:1 (TokenKeyword.Rd:58): Warning: <h5> anchor "Returns" already defined TokenKeyword.html:130:1 (TokenKeyword.Rd:67): Warning: <h5> anchor "Usage" already defined TokenKeyword.html:136:1 (TokenKeyword.Rd:71): Warning: <h5> anchor "Arguments" already defined TokenSymbol.html:107:1 (TokenSymbol.Rd:54): Warning: <h5> anchor "Usage" already defined TokenSymbol.html:113:1 (TokenSymbol.Rd:58): Warning: <h5> anchor "Returns" already defined TokenSymbol.html:130:1 (TokenSymbol.Rd:67): Warning: <h5> anchor "Usage" already defined TokenSymbol.html:136:1 (TokenSymbol.Rd:71): Warning: <h5> anchor "Arguments" already defined TokenValue.html:107:1 (TokenValue.Rd:54): Warning: <h5> anchor "Usage" already defined TokenValue.html:113:1 (TokenValue.Rd:58): Warning: <h5> anchor "Returns" already defined TokenValue.html:130:1 (TokenValue.Rd:67): Warning: <h5> anchor "Usage" already defined TokenValue.html:136:1 (TokenValue.Rd:71): Warning: <h5> anchor "Arguments" already defined Flavors: r-devel-linux-x86_64-debian-clang, r-devel-linux-x86_64-debian-gcc