Last updated on 2025-07-25 19:49:56 CEST.
Flavor | Version | Tinstall | Tcheck | Ttotal | Status | Flags |
---|---|---|---|---|---|---|
r-devel-linux-x86_64-debian-clang | 0.1.2 | 4.72 | 44.33 | 49.05 | NOTE | |
r-devel-linux-x86_64-debian-gcc | 0.1.2 | 3.51 | 33.17 | 36.68 | NOTE | |
r-devel-linux-x86_64-fedora-clang | 0.1.2 | 78.11 | OK | |||
r-devel-linux-x86_64-fedora-gcc | 0.1.2 | 79.62 | OK | |||
r-devel-windows-x86_64 | 0.1.2 | 7.00 | 67.00 | 74.00 | OK | |
r-patched-linux-x86_64 | 0.1.2 | 5.48 | 41.52 | 47.00 | OK | |
r-release-linux-x86_64 | 0.1.2 | 5.44 | 41.58 | 47.02 | OK | |
r-release-macos-arm64 | 0.1.2 | 24.00 | OK | |||
r-release-macos-x86_64 | 0.1.2 | 41.00 | OK | |||
r-release-windows-x86_64 | 0.1.2 | 7.00 | 63.00 | 70.00 | OK | |
r-oldrel-macos-arm64 | 0.1.2 | 23.00 | NOTE | |||
r-oldrel-macos-x86_64 | 0.1.2 | 45.00 | NOTE | |||
r-oldrel-windows-x86_64 | 0.1.2 | 8.00 | 71.00 | 79.00 | NOTE |
Version: 0.1.2
Check: CRAN incoming feasibility
Result: NOTE
Maintainer: ‘Vincent Guyader <vincent@thinkr.fr>’
No Authors@R field in DESCRIPTION.
Please add one, modifying
Authors@R: person(given = "Vincent",
family = "Guyader",
role = c("aut", "cre"),
email = "vincent@thinkr.fr")
as necessary.
Flavors: r-devel-linux-x86_64-debian-clang, r-devel-linux-x86_64-debian-gcc
Version: 0.1.2
Check: LazyData
Result: NOTE
'LazyData' is specified without a 'data' directory
Flavors: r-oldrel-macos-arm64, r-oldrel-macos-x86_64, r-oldrel-windows-x86_64