CRAN Package Check Results for Package sperich

Last updated on 2025-07-19 14:48:39 CEST.

Flavor Version Tinstall Tcheck Ttotal Status Flags
r-devel-linux-x86_64-debian-clang 1.5-9 3.34 44.86 48.20 NOTE
r-devel-linux-x86_64-debian-gcc 1.5-9 2.30 31.99 34.29 NOTE
r-devel-linux-x86_64-fedora-clang 1.5-9 74.83 OK
r-devel-linux-x86_64-fedora-gcc 1.5-9 71.16 OK
r-devel-windows-x86_64 1.5-9 4.00 66.00 70.00 OK
r-patched-linux-x86_64 1.5-9 3.64 42.46 46.10 OK
r-release-linux-x86_64 1.5-9 3.27 42.99 46.26 OK
r-release-macos-arm64 1.5-9 30.00 OK
r-release-macos-x86_64 1.5-9 56.00 OK
r-release-windows-x86_64 1.5-9 4.00 65.00 69.00 OK
r-oldrel-macos-arm64 1.5-9 27.00 OK
r-oldrel-macos-x86_64 1.5-9 40.00 OK
r-oldrel-windows-x86_64 1.5-9 6.00 79.00 85.00 OK

Check Details

Version: 1.5-9
Check: CRAN incoming feasibility
Result: NOTE Maintainer: ‘Maximilian Lange <maximilian-lange@t-online.de>’ No Authors@R field in DESCRIPTION. Please add one, modifying Authors@R: c(person(given = "Maximilian", family = "Lange", role = c("aut", "cre"), email = "maximilian-lange@t-online.de"), person(given = "Sven", family = "Lautenbach", role = "aut"), person(given = "Claudia", family = "Raedig", role = "aut")) as necessary. Flavors: r-devel-linux-x86_64-debian-clang, r-devel-linux-x86_64-debian-gcc