CRAN Package Check Results for Package spAddins

Last updated on 2025-10-22 17:49:52 CEST.

Flavor Version Tinstall Tcheck Ttotal Status Flags
r-devel-linux-x86_64-debian-clang 0.2.0 2.04 26.24 28.28 NOTE
r-devel-linux-x86_64-debian-gcc 0.2.0 1.57 21.16 22.73 NOTE
r-devel-linux-x86_64-fedora-clang 0.2.0 43.81 OK
r-devel-linux-x86_64-fedora-gcc 0.2.0 53.06 OK
r-devel-windows-x86_64 0.2.0 3.00 47.00 50.00 OK
r-patched-linux-x86_64 0.2.0 2.33 23.56 25.89 OK
r-release-linux-x86_64 0.2.0 1.87 23.60 25.47 OK
r-release-macos-arm64 0.2.0 1.00 35.00 36.00 OK
r-release-macos-x86_64 0.2.0 2.00 46.00 48.00 OK
r-release-windows-x86_64 0.2.0 4.00 48.00 52.00 OK
r-oldrel-macos-arm64 0.2.0 1.00 25.00 26.00 NOTE
r-oldrel-macos-x86_64 0.2.0 2.00 32.00 34.00 NOTE
r-oldrel-windows-x86_64 0.2.0 4.00 50.00 54.00 NOTE

Check Details

Version: 0.2.0
Check: CRAN incoming feasibility
Result: NOTE Maintainer: ‘Vilmantas Gegzna <GegznaV@gmail.com>’ Found the following (possibly) invalid file URI: URI: /commits/master From: README.md Flavors: r-devel-linux-x86_64-debian-clang, r-devel-linux-x86_64-debian-gcc

Version: 0.2.0
Check: HTML version of manual
Result: NOTE Found the following HTML validation problems: rs_enclose_all_with_lines.html:60:1 (rs_enclose_all_with_lines.Rd:15): Warning: missing </ul> before </div> rs_enclose_selection_with.html:57:1 (rs_enclose_selection_with.Rd:17): Warning: missing </ul> before </div> rs_insert_at_row_start.html:50:1 (rs_insert_at_row_start.Rd:12): Warning: missing </ul> before </div> rs_insert_symbol_seq.html:54:1 (rs_insert_symbol_seq.Rd:14): Warning: missing </ul> before </div> rs_replace_in_selection.html:51:1 (rs_replace_in_selection.Rd:13): Warning: missing </ul> before </div> Flavors: r-devel-linux-x86_64-debian-clang, r-devel-linux-x86_64-debian-gcc

Version: 0.2.0
Check: LazyData
Result: NOTE 'LazyData' is specified without a 'data' directory Flavors: r-oldrel-macos-arm64, r-oldrel-macos-x86_64, r-oldrel-windows-x86_64