CRAN Package Check Results for Package spAddins

Last updated on 2025-11-26 11:51:27 CET.

Flavor Version Tinstall Tcheck Ttotal Status Flags
r-devel-linux-x86_64-debian-clang 0.2.0 1.93 26.92 28.85 NOTE
r-devel-linux-x86_64-debian-gcc 0.2.0 1.65 21.78 23.43 NOTE
r-devel-linux-x86_64-fedora-clang 0.2.0 42.21 OK
r-devel-linux-x86_64-fedora-gcc 0.2.0 54.20 OK
r-devel-windows-x86_64 0.2.0 6.00 47.00 53.00 OK
r-patched-linux-x86_64 0.2.0 2.23 23.95 26.18 OK
r-release-linux-x86_64 0.2.0 1.63 23.43 25.06 OK
r-release-macos-arm64 0.2.0 OK
r-release-macos-x86_64 0.2.0 2.00 46.00 48.00 OK
r-release-windows-x86_64 0.2.0 4.00 57.00 61.00 OK
r-oldrel-macos-arm64 0.2.0 NOTE
r-oldrel-macos-x86_64 0.2.0 2.00 32.00 34.00 NOTE
r-oldrel-windows-x86_64 0.2.0 5.00 51.00 56.00 NOTE

Check Details

Version: 0.2.0
Check: CRAN incoming feasibility
Result: NOTE Maintainer: ‘Vilmantas Gegzna <GegznaV@gmail.com>’ Found the following (possibly) invalid file URI: URI: /commits/master From: README.md Flavors: r-devel-linux-x86_64-debian-clang, r-devel-linux-x86_64-debian-gcc

Version: 0.2.0
Check: LazyData
Result: NOTE 'LazyData' is specified without a 'data' directory Flavors: r-oldrel-macos-arm64, r-oldrel-macos-x86_64, r-oldrel-windows-x86_64