Last updated on 2025-11-04 03:51:08 CET.
| Flavor | Version | Tinstall | Tcheck | Ttotal | Status | Flags | 
|---|---|---|---|---|---|---|
| r-devel-linux-x86_64-debian-clang | 1.9.2 | 215.98 | 100.50 | 316.48 | OK | |
| r-devel-linux-x86_64-debian-gcc | 1.9.2 | 172.07 | 85.52 | 257.59 | OK | |
| r-devel-linux-x86_64-fedora-clang | 1.9.2 | 197.00 | 322.69 | 519.69 | OK | |
| r-devel-linux-x86_64-fedora-gcc | 1.9.2 | 207.00 | 414.02 | 621.02 | OK | |
| r-devel-windows-x86_64 | 1.9.2 | 220.00 | 150.00 | 370.00 | OK | |
| r-patched-linux-x86_64 | 1.9.2 | 230.78 | 122.16 | 352.94 | OK | |
| r-release-linux-x86_64 | 1.9.2 | 227.38 | 123.66 | 351.04 | OK | |
| r-release-macos-arm64 | 1.9.2 | 87.00 | 43.00 | 130.00 | OK | |
| r-release-macos-x86_64 | 1.9.2 | 93.00 | 80.00 | 173.00 | OK | |
| r-release-windows-x86_64 | 1.9.2 | 223.00 | 150.00 | 373.00 | OK | |
| r-oldrel-macos-arm64 | 1.9.2 | 88.00 | 48.00 | 136.00 | NOTE | |
| r-oldrel-macos-x86_64 | 1.9.2 | 88.00 | 89.00 | 177.00 | NOTE | |
| r-oldrel-windows-x86_64 | 1.9.2 | 267.00 | 189.00 | 456.00 | OK | 
Version: 1.9.2
Check: installed package size
Result: NOTE
    installed size is 41.4Mb
    sub-directories of 1Mb or more:
      libs  40.6Mb
Flavors: r-oldrel-macos-arm64, r-oldrel-macos-x86_64