Last updated on 2025-10-24 18:50:08 CEST.
| Flavor | Version | Tinstall | Tcheck | Ttotal | Status | Flags | 
|---|---|---|---|---|---|---|
| r-devel-linux-x86_64-debian-clang | 0.1.3 | 5.13 | 33.66 | 38.79 | OK | |
| r-devel-linux-x86_64-debian-gcc | 0.1.3 | 3.35 | 25.75 | 29.10 | OK | |
| r-devel-linux-x86_64-fedora-clang | 0.1.3 | 21.00 | 40.62 | 61.62 | NOTE | |
| r-devel-linux-x86_64-fedora-gcc | 0.1.3 | 15.00 | 42.27 | 57.27 | NOTE | |
| r-devel-windows-x86_64 | 0.1.3 | 7.00 | 50.00 | 57.00 | OK | |
| r-patched-linux-x86_64 | 0.1.3 | 4.11 | 31.77 | 35.88 | OK | |
| r-release-linux-x86_64 | 0.1.3 | 4.37 | 31.69 | 36.06 | OK | |
| r-release-macos-arm64 | 0.1.3 | 3.00 | 21.00 | 24.00 | OK | |
| r-release-macos-x86_64 | 0.1.3 | 7.00 | 34.00 | 41.00 | OK | |
| r-release-windows-x86_64 | 0.1.3 | 8.00 | 53.00 | 61.00 | OK | |
| r-oldrel-macos-arm64 | 0.1.3 | 3.00 | 19.00 | 22.00 | OK | |
| r-oldrel-macos-x86_64 | 0.1.3 | 4.00 | 30.00 | 34.00 | OK | |
| r-oldrel-windows-x86_64 | 0.1.3 | 9.00 | 60.00 | 69.00 | OK | 
Version: 0.1.3
Check: dependencies in R code
Result: NOTE
  Namespaces in Imports field not imported from:
    ‘dplyr’ ‘methods’
    All declared Imports should be used.
Flavors: r-devel-linux-x86_64-fedora-clang, r-devel-linux-x86_64-fedora-gcc