Last updated on 2025-10-31 14:49:53 CET.
| Flavor | Version | Tinstall | Tcheck | Ttotal | Status | Flags | 
|---|---|---|---|---|---|---|
| r-devel-linux-x86_64-debian-clang | 0.2.1 | 6.68 | 56.09 | 62.77 | NOTE | |
| r-devel-linux-x86_64-debian-gcc | 0.2.1 | 4.77 | 43.59 | 48.36 | NOTE | |
| r-devel-linux-x86_64-fedora-clang | 0.2.1 | 12.00 | 81.42 | 93.42 | OK | |
| r-devel-linux-x86_64-fedora-gcc | 0.2.1 | 14.00 | 76.90 | 90.90 | OK | |
| r-devel-windows-x86_64 | 0.2.1 | 7.00 | 66.00 | 73.00 | OK | |
| r-patched-linux-x86_64 | 0.2.1 | 6.57 | 54.54 | 61.11 | OK | |
| r-release-linux-x86_64 | 0.2.1 | 6.42 | 53.63 | 60.05 | OK | |
| r-release-macos-arm64 | 0.2.1 | 4.00 | 30.00 | 34.00 | OK | |
| r-release-macos-x86_64 | 0.2.1 | 7.00 | 50.00 | 57.00 | OK | |
| r-release-windows-x86_64 | 0.2.1 | 8.00 | 68.00 | 76.00 | OK | |
| r-oldrel-macos-arm64 | 0.2.1 | 3.00 | 27.00 | 30.00 | OK | |
| r-oldrel-macos-x86_64 | 0.2.1 | 5.00 | 39.00 | 44.00 | OK | |
| r-oldrel-windows-x86_64 | 0.2.1 | 9.00 | 80.00 | 89.00 | OK | 
Version: 0.2.1
Check: CRAN incoming feasibility
Result: NOTE
  Maintainer: ‘Hyung Park <parkh15@nyu.edu>’
  
  No Authors@R field in DESCRIPTION.
  Please add one, modifying
    Authors@R: c(person(given = "Hyung",
                        family = "Park",
                        role = c("aut", "cre"),
                        email = "parkh15@nyu.edu"),
                 person(given = "Eva",
                        family = "Petkova",
                        role = "aut"),
                 person(given = "Thaddeus",
                        family = "Tarpey",
                        role = "aut"),
                 person(given = c("R.", "Todd"),
                        family = "Ogden",
                        role = "aut"))
  as necessary.
  
  The Description field contains
    dose rules" <arXiv:2006.00267v2> for detail of the method. The model
  Please refer to arXiv e-prints via their arXiv DOI <doi:10.48550/arXiv.YYMM.NNNNN>.
Flavors: r-devel-linux-x86_64-debian-clang, r-devel-linux-x86_64-debian-gcc