CRAN Package Check Results for Package simplermarkdown

Last updated on 2025-07-27 19:50:56 CEST.

Flavor Version Tinstall Tcheck Ttotal Status Flags
r-devel-linux-x86_64-debian-clang 0.0.6 1.92 24.72 26.64 NOTE
r-devel-linux-x86_64-debian-gcc 0.0.6 1.71 20.54 22.25 NOTE
r-devel-linux-x86_64-fedora-clang 0.0.6 40.76 NOTE
r-devel-linux-x86_64-fedora-gcc 0.0.6 52.90 NOTE
r-devel-windows-x86_64 0.0.6 4.00 60.00 64.00 NOTE
r-patched-linux-x86_64 0.0.6 2.52 23.26 25.78 NOTE
r-release-linux-x86_64 0.0.6 2.11 23.06 25.17 NOTE
r-release-macos-arm64 0.0.6 24.00 NOTE
r-release-macos-x86_64 0.0.6 41.00 NOTE
r-release-windows-x86_64 0.0.6 3.00 49.00 52.00 NOTE
r-oldrel-macos-arm64 0.0.6 24.00 OK
r-oldrel-macos-x86_64 0.0.6 33.00 OK
r-oldrel-windows-x86_64 0.0.6 4.00 55.00 59.00 OK

Check Details

Version: 0.0.6
Check: DESCRIPTION meta-information
Result: NOTE Missing dependency on R >= 4.1.0 because package code uses the pipe |> or function shorthand \(...) syntax added in R 4.1.0. File(s) using such syntax: ‘markdown_block.R’ Flavors: r-devel-linux-x86_64-debian-clang, r-devel-linux-x86_64-debian-gcc, r-devel-linux-x86_64-fedora-clang, r-devel-linux-x86_64-fedora-gcc, r-devel-windows-x86_64, r-patched-linux-x86_64, r-release-linux-x86_64, r-release-macos-arm64, r-release-macos-x86_64, r-release-windows-x86_64