Last updated on 2025-10-21 11:53:39 CEST.
Flavor | Version | Tinstall | Tcheck | Ttotal | Status | Flags |
---|---|---|---|---|---|---|
r-devel-linux-x86_64-debian-clang | 0.4.2 | 1.89 | 52.43 | 54.32 | NOTE | |
r-devel-linux-x86_64-debian-gcc | 0.4.2 | 1.67 | 39.90 | 41.57 | NOTE | |
r-devel-linux-x86_64-fedora-clang | 0.4.2 | 70.92 | NOTE | |||
r-devel-linux-x86_64-fedora-gcc | 0.4.2 | 85.26 | NOTE | |||
r-devel-windows-x86_64 | 0.4.2 | 3.00 | 80.00 | 83.00 | NOTE | |
r-patched-linux-x86_64 | 0.4.2 | 2.01 | 51.27 | 53.28 | NOTE | |
r-release-linux-x86_64 | 0.4.2 | 1.91 | 50.81 | 52.72 | NOTE | |
r-release-macos-arm64 | 0.4.2 | 49.00 | NOTE | |||
r-release-macos-x86_64 | 0.4.2 | 2.00 | 72.00 | 74.00 | NOTE | |
r-release-windows-x86_64 | 0.4.2 | 3.00 | 82.00 | 85.00 | NOTE | |
r-oldrel-macos-arm64 | 0.4.2 | 48.00 | NOTE | |||
r-oldrel-macos-x86_64 | 0.4.2 | 64.00 | NOTE | |||
r-oldrel-windows-x86_64 | 0.4.2 | 5.00 | 96.00 | 101.00 | NOTE |
Version: 0.4.2
Check: CRAN incoming feasibility
Result: NOTE
Maintainer: ‘Nathan Sheffield <nathan@code.databio.org>’
The BugReports field in DESCRIPTION has
https://github.com/databio/simpleCache
which should likely be
https://github.com/databio/simpleCache/issues
instead.
Flavors: r-devel-linux-x86_64-debian-clang, r-devel-linux-x86_64-debian-gcc
Version: 0.4.2
Check: package subdirectories
Result: NOTE
Problems with news in ‘NEWS.md’:
Cannot extract version info from the following section titles:
simpleCache [0.0.1]
Flavors: r-devel-linux-x86_64-debian-clang, r-devel-linux-x86_64-debian-gcc, r-devel-linux-x86_64-fedora-clang, r-devel-linux-x86_64-fedora-gcc, r-devel-windows-x86_64, r-patched-linux-x86_64, r-release-linux-x86_64, r-release-macos-arm64, r-release-macos-x86_64, r-release-windows-x86_64, r-oldrel-macos-arm64, r-oldrel-macos-x86_64, r-oldrel-windows-x86_64
Version: 0.4.2
Check: HTML version of manual
Result: NOTE
Found the following HTML validation problems:
addCacheSearchEnvironment.html:48:1 (addCacheSearchEnvironment.Rd:10): Warning: missing </ul> before </div>
secToTime.html:50:1 (secToTime.Rd:12): Warning: missing </ul> before </div>
setCacheBuildDir.html:46:1 (setCacheBuildDir.Rd:10): Warning: missing </ul> before </div>
setSharedCacheDir.html:48:1 (setSharedCacheDir.Rd:10): Warning: missing </ul> before </div>
simpleCacheGlobal.html:50:1 (simpleCacheGlobal.Rd:12): Warning: missing </ul> before </div>
simpleCacheShared.html:48:1 (simpleCacheShared.Rd:10): Warning: missing </ul> before </div>
simpleCacheSharedGlobal.html:46:1 (simpleCacheSharedGlobal.Rd:10): Warning: missing </ul> before </div>
tic.html:51:1 (tic.Rd:13): Warning: missing </ul> before </div>
Flavors: r-devel-linux-x86_64-debian-clang, r-devel-linux-x86_64-debian-gcc