CRAN Package Check Results for Package simodels

Last updated on 2025-07-17 11:50:47 CEST.

Flavor Version Tinstall Tcheck Ttotal Status Flags
r-devel-linux-x86_64-debian-clang 0.2.0 2.96 75.13 78.09 NOTE
r-devel-linux-x86_64-debian-gcc 0.2.0 2.16 53.78 55.94 NOTE
r-devel-linux-x86_64-fedora-clang 0.2.0 118.26 NOTE
r-devel-linux-x86_64-fedora-gcc 0.2.0 129.55 NOTE
r-devel-windows-x86_64 0.2.0 5.00 99.00 104.00 NOTE
r-patched-linux-x86_64 0.2.0 2.69 69.51 72.20 NOTE
r-release-linux-x86_64 0.2.0 2.79 70.03 72.82 NOTE
r-release-macos-arm64 0.2.0 51.00 NOTE
r-release-macos-x86_64 0.2.0 107.00 NOTE
r-release-windows-x86_64 0.2.0 6.00 98.00 104.00 NOTE
r-oldrel-macos-arm64 0.2.0 52.00 OK
r-oldrel-macos-x86_64 0.2.0 159.00 OK
r-oldrel-windows-x86_64 0.2.0 8.00 116.00 124.00 OK

Check Details

Version: 0.2.0
Check: DESCRIPTION meta-information
Result: NOTE Missing dependency on R >= 4.1.0 because package code uses the pipe |> or function shorthand \(...) syntax added in R 4.1.0. File(s) using such syntax: ‘si_calculate.Rd’ Flavors: r-devel-linux-x86_64-debian-clang, r-devel-linux-x86_64-debian-gcc, r-devel-linux-x86_64-fedora-clang, r-devel-linux-x86_64-fedora-gcc, r-devel-windows-x86_64, r-patched-linux-x86_64, r-release-linux-x86_64, r-release-macos-arm64, r-release-macos-x86_64, r-release-windows-x86_64