Last updated on 2025-07-19 14:48:39 CEST.
Flavor | Version | Tinstall | Tcheck | Ttotal | Status | Flags |
---|---|---|---|---|---|---|
r-devel-linux-x86_64-debian-clang | 4.4.7 | 69.91 | 115.69 | 185.60 | OK | |
r-devel-linux-x86_64-debian-gcc | 4.4.7 | 60.55 | 86.23 | 146.78 | OK | |
r-devel-linux-x86_64-fedora-clang | 4.4.7 | 316.57 | OK | |||
r-devel-linux-x86_64-fedora-gcc | 4.4.7 | 348.77 | OK | |||
r-devel-windows-x86_64 | 4.4.7 | 79.00 | 193.00 | 272.00 | OK | |
r-patched-linux-x86_64 | 4.4.7 | 84.05 | 109.61 | 193.66 | OK | |
r-release-linux-x86_64 | 4.4.7 | 84.44 | 109.98 | 194.42 | OK | |
r-release-macos-arm64 | 4.4.7 | 99.00 | OK | |||
r-release-macos-x86_64 | 4.4.7 | 159.00 | OK | |||
r-release-windows-x86_64 | 4.4.7 | 80.00 | 185.00 | 265.00 | OK | |
r-oldrel-macos-arm64 | 4.4.7 | 118.00 | NOTE | |||
r-oldrel-macos-x86_64 | 4.4.7 | 199.00 | NOTE | |||
r-oldrel-windows-x86_64 | 4.4.7 | 80.00 | 224.00 | 304.00 | OK |
Version: 4.4.7
Check: installed package size
Result: NOTE
installed size is 14.9Mb
sub-directories of 1Mb or more:
doc 1.5Mb
libs 12.8Mb
Flavors: r-oldrel-macos-arm64, r-oldrel-macos-x86_64