Last updated on 2025-10-24 05:50:56 CEST.
| Flavor | Version | Tinstall | Tcheck | Ttotal | Status | Flags |
|---|---|---|---|---|---|---|
| r-devel-linux-x86_64-debian-clang | 0.1.0 | 1.60 | 21.73 | 23.33 | NOTE | |
| r-devel-linux-x86_64-debian-gcc | 0.1.0 | 1.41 | 17.95 | 19.36 | NOTE | |
| r-devel-linux-x86_64-fedora-clang | 0.1.0 | 33.23 | NOTE | |||
| r-devel-linux-x86_64-fedora-gcc | 0.1.0 | 31.62 | NOTE | |||
| r-devel-windows-x86_64 | 0.1.0 | 4.00 | 46.00 | 50.00 | NOTE | |
| r-patched-linux-x86_64 | 0.1.0 | 1.53 | 19.82 | 21.35 | NOTE | |
| r-release-linux-x86_64 | 0.1.0 | 1.44 | 19.43 | 20.87 | NOTE | |
| r-release-macos-arm64 | 0.1.0 | 1.00 | 18.00 | 19.00 | NOTE | |
| r-release-macos-x86_64 | 0.1.0 | 2.00 | 23.00 | 25.00 | NOTE | |
| r-release-windows-x86_64 | 0.1.0 | 5.00 | 41.00 | 46.00 | NOTE | |
| r-oldrel-macos-arm64 | 0.1.0 | 1.00 | 15.00 | 16.00 | NOTE | |
| r-oldrel-macos-x86_64 | 0.1.0 | 1.00 | 20.00 | 21.00 | NOTE | |
| r-oldrel-windows-x86_64 | 0.1.0 | 4.00 | 46.00 | 50.00 | NOTE |
Version: 0.1.0
Check: Rd files
Result: NOTE
checkRd: (-1) run_shinytitle_example.Rd:18: Lost braces in \itemize; meant \describe ?
checkRd: (-1) run_shinytitle_example.Rd:19: Lost braces in \itemize; meant \describe ?
Flavors: r-devel-linux-x86_64-debian-clang, r-devel-linux-x86_64-debian-gcc, r-devel-linux-x86_64-fedora-clang, r-devel-linux-x86_64-fedora-gcc, r-devel-windows-x86_64, r-patched-linux-x86_64, r-release-linux-x86_64, r-release-macos-arm64, r-release-macos-x86_64, r-release-windows-x86_64, r-oldrel-macos-arm64, r-oldrel-macos-x86_64, r-oldrel-windows-x86_64