Last updated on 2025-10-11 13:49:56 CEST.
Flavor | Version | Tinstall | Tcheck | Ttotal | Status | Flags |
---|---|---|---|---|---|---|
r-devel-linux-x86_64-debian-clang | 0.1.0 | 17.78 | 125.02 | 142.80 | NOTE | |
r-devel-linux-x86_64-debian-gcc | 0.1.0 | 12.51 | 84.63 | 97.14 | NOTE | |
r-devel-linux-x86_64-fedora-clang | 0.1.0 | 217.25 | OK | |||
r-devel-linux-x86_64-fedora-gcc | 0.1.0 | 199.43 | OK | |||
r-devel-windows-x86_64 | 0.1.0 | 18.00 | 112.00 | 130.00 | OK | |
r-patched-linux-x86_64 | 0.1.0 | 17.08 | 114.83 | 131.91 | OK | |
r-release-linux-x86_64 | 0.1.0 | 14.84 | 113.89 | 128.73 | OK | |
r-release-macos-arm64 | 0.1.0 | 51.00 | OK | |||
r-release-macos-x86_64 | 0.1.0 | 88.00 | OK | |||
r-release-windows-x86_64 | 0.1.0 | 18.00 | 117.00 | 135.00 | OK | |
r-oldrel-macos-arm64 | 0.1.0 | 51.00 | NOTE | |||
r-oldrel-macos-x86_64 | 0.1.0 | 73.00 | NOTE | |||
r-oldrel-windows-x86_64 | 0.1.0 | 24.00 | 145.00 | 169.00 | NOTE |
Version: 0.1.0
Check: CRAN incoming feasibility
Result: NOTE
Maintainer: ‘Alberto Almuiña <albertogonzalezalmuinha@gmail.com>’
No Authors@R field in DESCRIPTION.
Please add one, modifying
Authors@R: person(given = "Alberto",
family = "Almuiña",
role = c("aut", "cre"),
email = "albertogonzalezalmuinha@gmail.com")
as necessary.
Flavors: r-devel-linux-x86_64-debian-clang, r-devel-linux-x86_64-debian-gcc
Version: 0.1.0
Check: LazyData
Result: NOTE
'LazyData' is specified without a 'data' directory
Flavors: r-oldrel-macos-arm64, r-oldrel-macos-x86_64, r-oldrel-windows-x86_64