Last updated on 2025-10-24 05:50:56 CEST.
| Flavor | Version | Tinstall | Tcheck | Ttotal | Status | Flags |
|---|---|---|---|---|---|---|
| r-devel-linux-x86_64-debian-clang | 1.2.0 | 2.63 | 29.26 | 31.89 | OK | |
| r-devel-linux-x86_64-debian-gcc | 1.2.0 | 1.81 | 22.41 | 24.22 | OK | |
| r-devel-linux-x86_64-fedora-clang | 1.2.0 | 46.48 | OK | |||
| r-devel-linux-x86_64-fedora-gcc | 1.2.0 | 11.00 | 34.79 | 45.79 | OK | |
| r-devel-windows-x86_64 | 1.2.0 | 5.00 | 54.00 | 59.00 | OK | |
| r-patched-linux-x86_64 | 1.2.0 | 3.07 | 27.48 | 30.55 | OK | |
| r-release-linux-x86_64 | 1.2.0 | 2.48 | 27.60 | 30.08 | OK | |
| r-release-macos-arm64 | 1.2.0 | 2.00 | 23.00 | 25.00 | OK | |
| r-release-macos-x86_64 | 1.2.0 | 2.00 | 33.00 | 35.00 | OK | |
| r-release-windows-x86_64 | 1.2.0 | 6.00 | 57.00 | 63.00 | OK | |
| r-oldrel-macos-arm64 | 1.2.0 | 1.00 | 19.00 | 20.00 | NOTE | |
| r-oldrel-macos-x86_64 | 1.2.0 | 2.00 | 28.00 | 30.00 | NOTE | |
| r-oldrel-windows-x86_64 | 1.2.0 | 7.00 | 62.00 | 69.00 | NOTE |
Version: 1.2.0
Check: LazyData
Result: NOTE
'LazyData' is specified without a 'data' directory
Flavors: r-oldrel-macos-arm64, r-oldrel-macos-x86_64, r-oldrel-windows-x86_64