Last updated on 2025-07-03 00:51:03 CEST.
Flavor | Version | Tinstall | Tcheck | Ttotal | Status | Flags |
---|---|---|---|---|---|---|
r-devel-linux-x86_64-debian-clang | 1.0.410 | 11.15 | 87.37 | 98.52 | NOTE | |
r-devel-linux-x86_64-debian-gcc | 1.0.410 | 7.96 | 59.52 | 67.48 | NOTE | |
r-devel-linux-x86_64-fedora-clang | 1.0.410 | 147.59 | NOTE | |||
r-devel-linux-x86_64-fedora-gcc | 1.0.410 | 151.76 | NOTE | |||
r-devel-windows-x86_64 | 1.0.410 | 14.00 | 97.00 | 111.00 | NOTE | |
r-patched-linux-x86_64 | 1.0.410 | 11.59 | 78.66 | 90.25 | NOTE | |
r-release-linux-x86_64 | 1.0.410 | 9.92 | 78.94 | 88.86 | NOTE | |
r-release-macos-arm64 | 1.0.410 | 46.00 | NOTE | |||
r-release-macos-x86_64 | 1.0.410 | 74.00 | NOTE | |||
r-release-windows-x86_64 | 1.0.410 | 16.00 | 96.00 | 112.00 | NOTE | |
r-oldrel-macos-arm64 | 1.0.410 | 47.00 | NOTE | |||
r-oldrel-macos-x86_64 | 1.0.410 | 76.00 | NOTE | |||
r-oldrel-windows-x86_64 | 1.0.410 | 17.00 | 120.00 | 137.00 | NOTE |
Version: 1.0.410
Check: Rd files
Result: NOTE
checkRd: (-1) custom-labels.Rd:7: Lost braces; missing escapes or markup?
7 | \title{Modify {shinymanager} labels to use custom text}
| ^
checkRd: (-1) use_language.Rd:5: Lost braces; missing escapes or markup?
5 | \title{Use {shinymanager} labels}
| ^
Flavors: r-devel-linux-x86_64-debian-clang, r-devel-linux-x86_64-debian-gcc, r-devel-linux-x86_64-fedora-clang, r-devel-linux-x86_64-fedora-gcc, r-devel-windows-x86_64, r-patched-linux-x86_64, r-release-linux-x86_64, r-release-macos-arm64, r-release-macos-x86_64, r-release-windows-x86_64, r-oldrel-macos-arm64, r-oldrel-macos-x86_64, r-oldrel-windows-x86_64