Last updated on 2025-11-21 14:49:56 CET.
| Flavor | Version | Tinstall | Tcheck | Ttotal | Status | Flags |
|---|---|---|---|---|---|---|
| r-devel-linux-x86_64-debian-clang | 2.0.1 | 6.08 | 111.19 | 117.27 | NOTE | |
| r-devel-linux-x86_64-debian-gcc | 2.0.1 | 4.77 | 78.67 | 83.44 | NOTE | |
| r-devel-linux-x86_64-fedora-clang | 2.0.1 | 14.00 | 165.52 | 179.52 | NOTE | |
| r-devel-linux-x86_64-fedora-gcc | 2.0.1 | 16.00 | 162.40 | 178.40 | NOTE | |
| r-devel-windows-x86_64 | 2.0.1 | 15.00 | 142.00 | 157.00 | NOTE | |
| r-patched-linux-x86_64 | 2.0.1 | 9.48 | 99.55 | 109.03 | NOTE | |
| r-release-linux-x86_64 | 2.0.1 | 6.99 | 99.80 | 106.79 | NOTE | |
| r-release-macos-arm64 | 2.0.1 | NOTE | ||||
| r-release-macos-x86_64 | 2.0.1 | 8.00 | 128.00 | 136.00 | NOTE | |
| r-release-windows-x86_64 | 2.0.1 | 12.00 | 140.00 | 152.00 | NOTE | |
| r-oldrel-macos-arm64 | 2.0.1 | OK | ||||
| r-oldrel-macos-x86_64 | 2.0.1 | 5.00 | 94.00 | 99.00 | OK | |
| r-oldrel-windows-x86_64 | 2.0.1 | 15.00 | 163.00 | 178.00 | OK |
Version: 2.0.1
Check: DESCRIPTION meta-information
Result: NOTE
Missing dependency on R >= 4.1.0 because package code uses the pipe
|> or function shorthand \(...) syntax added in R 4.1.0.
File(s) using such syntax:
‘fabs.Rd’
Flavors: r-devel-linux-x86_64-debian-clang, r-devel-linux-x86_64-debian-gcc, r-devel-linux-x86_64-fedora-clang, r-devel-linux-x86_64-fedora-gcc, r-devel-windows-x86_64, r-patched-linux-x86_64, r-release-linux-x86_64, r-release-macos-arm64, r-release-macos-x86_64, r-release-windows-x86_64