Last updated on 2025-10-21 05:49:45 CEST.
Flavor | Version | Tinstall | Tcheck | Ttotal | Status | Flags |
---|---|---|---|---|---|---|
r-devel-linux-x86_64-debian-clang | 0.1.0 | 3.67 | 31.34 | 35.01 | OK | |
r-devel-linux-x86_64-debian-gcc | 0.1.0 | 2.60 | 25.03 | 27.63 | NOTE | |
r-devel-linux-x86_64-fedora-clang | 0.1.0 | 51.19 | OK | |||
r-devel-linux-x86_64-fedora-gcc | 0.1.0 | 49.99 | OK | |||
r-devel-windows-x86_64 | 0.1.0 | 7.00 | 48.00 | 55.00 | OK | |
r-patched-linux-x86_64 | 0.1.0 | 3.61 | 29.78 | 33.39 | OK | |
r-release-linux-x86_64 | 0.1.0 | 3.29 | 29.59 | 32.88 | OK | |
r-release-macos-arm64 | 0.1.0 | 27.00 | OK | |||
r-release-macos-x86_64 | 0.1.0 | 34.00 | OK | |||
r-release-windows-x86_64 | 0.1.0 | 8.00 | 49.00 | 57.00 | OK | |
r-oldrel-macos-arm64 | 0.1.0 | 19.00 | NOTE | |||
r-oldrel-macos-x86_64 | 0.1.0 | 28.00 | NOTE | |||
r-oldrel-windows-x86_64 | 0.1.0 | 8.00 | 58.00 | 66.00 | NOTE |
Version: 0.1.0
Check: HTML version of manual
Result: NOTE
Found the following HTML validation problems:
chakraNumberInput.html:86:1 (chakraNumberInput.Rd:36): Warning: missing </ul> before </div>
numberInputOptions.html:82:1 (numberInputOptions.Rd:32): Warning: missing </ul> before </div>
thumbOptions.html:86:1 (thumbOptions.Rd:35): Warning: missing </ul> before </div>
updateChakraNumberInput.html:54:1 (updateChakraNumberInput.Rd:14): Warning: missing </ul> before </div>
updateChakraSliderInput.html:54:1 (updateChakraSliderInput.Rd:14): Warning: missing </ul> before </div>
Flavor: r-devel-linux-x86_64-debian-gcc
Version: 0.1.0
Check: installed package size
Result: NOTE
installed size is 9.5Mb
sub-directories of 1Mb or more:
www 9.4Mb
Flavors: r-oldrel-macos-arm64, r-oldrel-macos-x86_64, r-oldrel-windows-x86_64
Version: 0.1.0
Check: LazyData
Result: NOTE
'LazyData' is specified without a 'data' directory
Flavors: r-oldrel-macos-arm64, r-oldrel-macos-x86_64, r-oldrel-windows-x86_64