Last updated on 2025-07-21 08:50:16 CEST.
Flavor | Version | Tinstall | Tcheck | Ttotal | Status | Flags |
---|---|---|---|---|---|---|
r-devel-linux-x86_64-debian-clang | 0.4.4 | 4.29 | 37.29 | 41.58 | OK | |
r-devel-linux-x86_64-debian-gcc | 0.4.4 | 3.34 | 28.92 | 32.26 | OK | |
r-devel-linux-x86_64-fedora-clang | 0.4.4 | 64.48 | OK | |||
r-devel-linux-x86_64-fedora-gcc | 0.4.4 | 74.13 | OK | |||
r-devel-windows-x86_64 | 0.4.4 | 7.00 | 56.00 | 63.00 | OK | |
r-patched-linux-x86_64 | 0.4.4 | 4.63 | 35.50 | 40.13 | OK | |
r-release-linux-x86_64 | 0.4.4 | 4.01 | 35.25 | 39.26 | OK | |
r-release-macos-arm64 | 0.4.4 | 62.00 | OK | |||
r-release-macos-x86_64 | 0.4.4 | 67.00 | OK | |||
r-release-windows-x86_64 | 0.4.4 | 9.00 | 56.00 | 65.00 | OK | |
r-oldrel-macos-arm64 | 0.4.4 | 36.00 | NOTE | |||
r-oldrel-macos-x86_64 | 0.4.4 | 84.00 | NOTE | |||
r-oldrel-windows-x86_64 | 0.4.4 | 11.00 | 67.00 | 78.00 | NOTE |
Version: 0.4.4
Check: installed package size
Result: NOTE
installed size is 8.0Mb
sub-directories of 1Mb or more:
www 7.7Mb
Flavors: r-oldrel-macos-arm64, r-oldrel-macos-x86_64, r-oldrel-windows-x86_64