Last updated on 2025-10-21 23:51:10 CEST.
Flavor | Version | Tinstall | Tcheck | Ttotal | Status | Flags |
---|---|---|---|---|---|---|
r-devel-linux-x86_64-debian-clang | 0.3.2 | 13.10 | 66.02 | 79.12 | NOTE | |
r-devel-linux-x86_64-debian-gcc | 0.3.2 | 7.55 | 47.98 | 55.53 | NOTE | |
r-devel-linux-x86_64-fedora-clang | 0.3.2 | 25.00 | 90.11 | 115.11 | OK | |
r-devel-linux-x86_64-fedora-gcc | 0.3.2 | 23.00 | 101.88 | 124.88 | OK | |
r-devel-windows-x86_64 | 0.3.2 | 13.00 | 80.00 | 93.00 | OK | |
r-patched-linux-x86_64 | 0.3.2 | 12.98 | 58.93 | 71.91 | OK | |
r-release-linux-x86_64 | 0.3.2 | 12.30 | 58.41 | 70.71 | OK | |
r-release-macos-arm64 | 0.3.2 | 5.00 | 38.00 | 43.00 | OK | |
r-release-macos-x86_64 | 0.3.2 | 10.00 | 75.00 | 85.00 | OK | |
r-release-windows-x86_64 | 0.3.2 | 16.00 | 80.00 | 96.00 | OK | |
r-oldrel-macos-arm64 | 0.3.2 | 5.00 | 45.00 | 50.00 | OK | |
r-oldrel-macos-x86_64 | 0.3.2 | 10.00 | 83.00 | 93.00 | OK | |
r-oldrel-windows-x86_64 | 0.3.2 | 17.00 | 97.00 | 114.00 | OK |
Version: 0.3.2
Check: HTML version of manual
Result: NOTE
Found the following HTML validation problems:
DataStorage.html:217:1 (DataStorage.Rd:121): Warning: missing </ul> before </div>
DataStorage.html:94:1 (DataStorage.Rd:44): Warning: <h5> anchor "Usage" already defined
DataStorage.html:143:1 (DataStorage.Rd:77): Warning: <h5> anchor "Usage" already defined
DataStorage.html:149:1 (DataStorage.Rd:81): Warning: <h5> anchor "Arguments" already defined
DataStorage.html:178:1 (DataStorage.Rd:100): Warning: <h5> anchor "Usage" already defined
DataStorage.html:194:1 (DataStorage.Rd:110): Warning: <h5> anchor "Usage" already defined
DataStorage.html:200:1 (DataStorage.Rd:114): Warning: <h5> anchor "Arguments" already defined
DataStorageLogFile.html:112:1 (DataStorageLogFile.Rd:77): Warning: <h5> anchor "Usage" already defined
DataStorageLogFile.html:118:1 (DataStorageLogFile.Rd:81): Warning: <h5> anchor "Arguments" already defined
DataStorageMSSQLServer.html:127:1 (DataStorageMSSQLServer.Rd:105): Warning: <h5> anchor "Usage" already defined
DataStorageMSSQLServer.html:133:1 (DataStorageMSSQLServer.Rd:109): Warning: <h5> anchor "Arguments" already defined
DataStorageMariaDB.html:114:1 (DataStorageMariaDB.Rd:84): Warning: <h5> anchor "Usage" already defined
DataStorageMariaDB.html:120:1 (DataStorageMariaDB.Rd:88): Warning: <h5> anchor "Arguments" already defined
DataStorageMongoDB.html:124:1 (DataStorageMongoDB.Rd:97): Warning: <h5> anchor "Usage" already defined
DataStorageMongoDB.html:130:1 (DataStorageMongoDB.Rd:101): Warning: <h5> anchor "Arguments" already defined
DataStoragePlumber.html:136:1 (DataStoragePlumber.Rd:118): Warning: <h5> anchor "Usage" already defined
DataStoragePlumber.html:142:1 (DataStoragePlumber.Rd:122): Warning: <h5> anchor "Arguments" already defined
DataStoragePostgreSQL.html:116:1 (DataStoragePostgreSQL.Rd:86): Warning: <h5> anchor "Usage" already defined
DataStoragePostgreSQL.html:122:1 (DataStoragePostgreSQL.Rd:90): Warning: <h5> anchor "Arguments" already defined
DataStorageSQLFamily.html:91:1 (DataStorageSQLFamily.Rd:45): Warning: missing </ul> before </div>
DataStorageSQLite.html:99:1 (DataStorageSQLite.Rd:69): Warning: <h5> anchor "Usage" already defined
DataStorageSQLite.html:105:1 (DataStorageSQLite.Rd:73): Warning: <h5> anchor "Arguments" already defined
Telemetry.html:172:1 (Telemetry.Rd:162): Warning: <h5> anchor "Usage" already defined
Telemetry.html:189:1 (Telemetry.Rd:177): Warning: <h5> anchor "Arguments" already defined
Telemetry.html:254:1 (Telemetry.Rd:228): Warning: <h5> anchor "Usage" already defined
Telemetry.html:260:1 (Telemetry.Rd:232): Warning: <h5> anchor "Arguments" already defined
Telemetry.html:277:1 (Telemetry.Rd:243): Warning: <h5> anchor "Returns" already defined
Telemetry.html:294:1 (Telemetry.Rd:252): Warning: <h5> anchor "Usage" already defined
Telemetry.html:304:1 (Telemetry.Rd:260): Warning: <h5> anchor "Arguments" already defined
Telemetry.html:322:1 (Telemetry.Rd:272): Warning: <h5> anchor "Returns" already defined
Telemetry.html:339:1 (Telemetry.Rd:281): Warning: <h5> anchor "Usage" already defined
Telemetry.html:348:1 (Telemetry.Rd:288): Warning: <h5> anchor "Arguments" already defined
Telemetry.html:364:1 (Telemetry.Rd:298): Warning: <h5> anchor "Returns" already defined
Telemetry.html:381:1 (Telemetry.Rd:307): Warning: <h5> anchor "Usage" already defined
Telemetry.html:390:1 (Telemetry.Rd:314): Warning: <h5> anchor "Arguments" already defined
Telemetry.html:406:1 (Telemetry.Rd:324): Warning: <h5> anchor "Returns" already defined
Telemetry.html:423:1 (Telemetry.Rd:333): Warning: <h5> anchor "Usage" already defined
Telemetry.html:429:1 (Telemetry.Rd:337): Warning: <h5> anchor "Arguments" already defined
Telemetry.html:445:1 (Telemetry.Rd:347): Warning: <h5> anchor "Returns" already defined
Telemetry.html:462:1 (Telemetry.Rd:356): Warning: <h5> anchor "Usage" already defined
Telemetry.html:468:1 (Telemetry.Rd:360): Warning: <h5> anchor "Arguments" already defined
Telemetry.html:482:1 (Telemetry.Rd:368): Warning: <h5> anchor "Returns" already defined
Telemetry.html:500:1 (Telemetry.Rd:378): Warning: <h5> anchor "Usage" already defined
Telemetry.html:510:1 (Telemetry.Rd:386): Warning: <h5> anchor "Arguments" already defined
Telemetry.html:530:1 (Telemetry.Rd:400): Warning: <h5> anchor "Returns" already defined
Telemetry.html:549:1 (Telemetry.Rd:411): Warning: <h5> anchor "Usage" already defined
Telemetry.html:561:1 (Telemetry.Rd:421): Warning: <h5> anchor "Arguments" already defined
Telemetry.html:590:1 (Telemetry.Rd:444): Warning: <h5> anchor "Returns" already defined
Telemetry.html:607:1 (Telemetry.Rd:453): Warning: <h5> anchor "Usage" already defined
Telemetry.html:619:1 (Telemetry.Rd:463): Warning: <h5> anchor "Arguments" already defined
Telemetry.html:648:1 (Telemetry.Rd:486): Warning: <h5> anchor "Returns" already defined
Telemetry.html:669:1 (Telemetry.Rd:499): Warning: <h5> anchor "Usage" already defined
Telemetry.html:679:1 (Telemetry.Rd:507): Warning: <h5> anchor "Arguments" already defined
Telemetry.html:698:1 (Telemetry.Rd:520): Warning: <h5> anchor "Returns" already defined
Telemetry.html:715:1 (Telemetry.Rd:529): Warning: <h5> anchor "Usage" already defined
Telemetry.html:725:1 (Telemetry.Rd:537): Warning: <h5> anchor "Arguments" already defined
Telemetry.html:743:1 (Telemetry.Rd:549): Warning: <h5> anchor "Returns" already defined
Telemetry.html:760:1 (Telemetry.Rd:558): Warning: <h5> anchor "Usage" already defined
Telemetry.html:770:1 (Telemetry.Rd:566): Warning: <h5> anchor "Arguments" already defined
Telemetry.html:787:1 (Telemetry.Rd:577): Warning: <h5> anchor "Returns" already defined
Telemetry.html:804:1 (Telemetry.Rd:586): Warning: <h5> anchor "Usage" already defined
Telemetry.html:810:1 (Telemetry.Rd:590): Warning: <h5> anchor "Arguments" already defined
Telemetry.html:823:1 (Telemetry.Rd:597): Warning: <h5> anchor "Returns" already defined
Telemetry.html:840:1 (Telemetry.Rd:606): Warning: <h5> anchor "Usage" already defined
Telemetry.html:846:1 (Telemetry.Rd:610): Warning: <h5> anchor "Arguments" already defined
prepare_admin_panel_components.html:59:1 (prepare_admin_panel_components.Rd:17): Warning: missing </ul> before </div>
Flavors: r-devel-linux-x86_64-debian-clang, r-devel-linux-x86_64-debian-gcc