Last updated on 2025-10-25 12:50:01 CEST.
| Flavor | Version | Tinstall | Tcheck | Ttotal | Status | Flags |
|---|---|---|---|---|---|---|
| r-devel-linux-x86_64-debian-clang | 0.1.0 | 3.40 | 39.46 | 42.86 | NOTE | |
| r-devel-linux-x86_64-debian-gcc | 0.1.0 | 2.82 | 31.16 | 33.98 | NOTE | |
| r-devel-linux-x86_64-fedora-clang | 0.1.0 | 29.00 | 43.99 | 72.99 | NOTE | |
| r-devel-linux-x86_64-fedora-gcc | 0.1.0 | 28.00 | 56.30 | 84.30 | NOTE | |
| r-devel-windows-x86_64 | 0.1.0 | 6.00 | 56.00 | 62.00 | NOTE | |
| r-patched-linux-x86_64 | 0.1.0 | 2.66 | 37.04 | 39.70 | NOTE | |
| r-release-linux-x86_64 | 0.1.0 | 3.43 | 37.08 | 40.51 | NOTE | |
| r-release-macos-arm64 | 0.1.0 | 2.00 | 74.00 | 76.00 | NOTE | |
| r-release-macos-x86_64 | 0.1.0 | 3.00 | 118.00 | 121.00 | NOTE | |
| r-release-windows-x86_64 | 0.1.0 | 7.00 | 59.00 | 66.00 | NOTE | |
| r-oldrel-macos-arm64 | 0.1.0 | 2.00 | 50.00 | 52.00 | OK | |
| r-oldrel-macos-x86_64 | 0.1.0 | 4.00 | 98.00 | 102.00 | OK | |
| r-oldrel-windows-x86_64 | 0.1.0 | 7.00 | 69.00 | 76.00 | OK |
Version: 0.1.0
Check: DESCRIPTION meta-information
Result: NOTE
Missing dependency on R >= 4.1.0 because package code uses the pipe
|> or function shorthand \(...) syntax added in R 4.1.0.
File(s) using such syntax:
‘destroyModule.R’ ‘makeModule.R’
Flavors: r-devel-linux-x86_64-debian-clang, r-devel-linux-x86_64-debian-gcc, r-devel-linux-x86_64-fedora-clang, r-devel-linux-x86_64-fedora-gcc, r-devel-windows-x86_64, r-patched-linux-x86_64, r-release-linux-x86_64, r-release-macos-arm64, r-release-macos-x86_64, r-release-windows-x86_64