CRAN Package Check Results for Package sfo

Last updated on 2025-07-19 14:48:38 CEST.

Flavor Version Tinstall Tcheck Ttotal Status Flags
r-devel-linux-x86_64-debian-clang 0.1.2 3.93 34.94 38.87 OK
r-devel-linux-x86_64-debian-gcc 0.1.2 3.22 28.46 31.68 OK
r-devel-linux-x86_64-fedora-clang 0.1.2 61.45 OK
r-devel-linux-x86_64-fedora-gcc 0.1.2 70.19 OK
r-devel-windows-x86_64 0.1.2 6.00 56.00 62.00 OK
r-patched-linux-x86_64 0.1.2 3.98 32.67 36.65 OK
r-release-linux-x86_64 0.1.2 4.19 32.83 37.02 OK
r-release-macos-arm64 0.1.2 33.00 OK
r-release-macos-x86_64 0.1.2 59.00 OK
r-release-windows-x86_64 0.1.2 6.00 54.00 60.00 OK
r-oldrel-macos-arm64 0.1.2 31.00 NOTE
r-oldrel-macos-x86_64 0.1.2 64.00 NOTE
r-oldrel-windows-x86_64 0.1.2 7.00 65.00 72.00 NOTE

Check Details

Version: 0.1.2
Check: installed package size
Result: NOTE installed size is 5.8Mb sub-directories of 1Mb or more: doc 5.1Mb Flavors: r-oldrel-macos-arm64, r-oldrel-macos-x86_64, r-oldrel-windows-x86_64