Last updated on 2025-10-31 20:48:51 CET.
| Flavor | Version | Tinstall | Tcheck | Ttotal | Status | Flags | 
|---|---|---|---|---|---|---|
| r-devel-linux-x86_64-debian-clang | 1.0.1 | 2.36 | 27.82 | 30.18 | NOTE | |
| r-devel-linux-x86_64-debian-gcc | 1.0.1 | 1.68 | 22.47 | 24.15 | NOTE | |
| r-devel-linux-x86_64-fedora-clang | 1.0.1 | 45.38 | OK | |||
| r-devel-linux-x86_64-fedora-gcc | 1.0.1 | 43.54 | OK | |||
| r-devel-windows-x86_64 | 1.0.1 | 4.00 | 50.00 | 54.00 | OK | |
| r-patched-linux-x86_64 | 1.0.1 | 2.43 | 26.94 | 29.37 | OK | |
| r-release-linux-x86_64 | 1.0.1 | 2.22 | 26.66 | 28.88 | OK | |
| r-release-macos-arm64 | 1.0.1 | 1.00 | 19.00 | 20.00 | OK | |
| r-release-macos-x86_64 | 1.0.1 | 3.00 | 40.00 | 43.00 | OK | |
| r-release-windows-x86_64 | 1.0.1 | 5.00 | 54.00 | 59.00 | OK | |
| r-oldrel-macos-arm64 | 1.0.1 | 1.00 | 17.00 | 18.00 | OK | |
| r-oldrel-macos-x86_64 | 1.0.1 | 2.00 | 31.00 | 33.00 | OK | |
| r-oldrel-windows-x86_64 | 1.0.1 | 5.00 | 56.00 | 61.00 | OK | 
Version: 1.0.1
Check: CRAN incoming feasibility
Result: NOTE
  Maintainer: ‘Yann Desjeux <yann.desjeux@inra.fr>’
  
  Package CITATION file contains call(s) to old-style personList() or
  as.personList().  Please use c() on person objects instead.
  
  Found the following URLs which should use \doi (with the DOI name only):
    File ‘sfaendog.Rd’:
      https://doi.org/10.1016/0304-4076(87)90015-7
      https://doi.org/10.1093/ajae/aaw077
Flavors: r-devel-linux-x86_64-debian-clang, r-devel-linux-x86_64-debian-gcc