Last updated on 2025-10-31 01:49:13 CET.
| Flavor | Version | Tinstall | Tcheck | Ttotal | Status | Flags | 
|---|---|---|---|---|---|---|
| r-devel-linux-x86_64-debian-clang | 1.1.0 | 372.58 | 502.13 | 874.71 | OK | |
| r-devel-linux-x86_64-debian-gcc | 1.1.0 | 356.67 | 421.23 | 777.90 | OK | |
| r-devel-linux-x86_64-fedora-clang | 1.1.0 | 780.00 | 636.94 | 1416.94 | OK | |
| r-devel-linux-x86_64-fedora-gcc | 1.1.0 | 1320.00 | 352.11 | 1672.11 | OK | |
| r-devel-windows-x86_64 | 1.1.0 | 449.00 | 528.00 | 977.00 | OK | |
| r-patched-linux-x86_64 | 1.1.0 | 448.59 | 541.38 | 989.97 | OK | |
| r-release-linux-x86_64 | 1.1.0 | 492.77 | 537.52 | 1030.29 | OK | |
| r-release-macos-arm64 | 1.1.0 | 117.00 | 113.00 | 230.00 | OK | |
| r-release-macos-x86_64 | 1.1.0 | 147.00 | 199.00 | 346.00 | OK | |
| r-release-windows-x86_64 | 1.1.0 | 458.00 | 568.00 | 1026.00 | OK | |
| r-oldrel-macos-arm64 | 1.1.0 | 146.00 | 123.00 | 269.00 | NOTE | |
| r-oldrel-macos-x86_64 | 1.1.0 | 145.00 | 253.00 | 398.00 | NOTE | |
| r-oldrel-windows-x86_64 | 1.1.0 | 509.00 | 694.00 | 1203.00 | NOTE | 
Version: 1.1.0
Check: installed package size
Result: NOTE
    installed size is 65.1Mb
    sub-directories of 1Mb or more:
      doc    1.5Mb
      help   1.4Mb
      libs  61.9Mb
Flavors: r-oldrel-macos-arm64, r-oldrel-macos-x86_64, r-oldrel-windows-x86_64
Version: 1.1.0
Check: for GNU extensions in Makefiles
Result: NOTE
  GNU make is a SystemRequirements.
Flavors: r-oldrel-macos-arm64, r-oldrel-macos-x86_64, r-oldrel-windows-x86_64