Last updated on 2025-10-21 17:50:01 CEST.
Flavor | Version | Tinstall | Tcheck | Ttotal | Status | Flags |
---|---|---|---|---|---|---|
r-devel-linux-x86_64-debian-clang | 0.1.1 | 8.89 | 77.24 | 86.13 | NOTE | |
r-devel-linux-x86_64-debian-gcc | 0.1.1 | 6.40 | 59.25 | 65.65 | NOTE | |
r-devel-linux-x86_64-fedora-clang | 0.1.1 | 22.00 | 110.07 | 132.07 | OK | |
r-devel-linux-x86_64-fedora-gcc | 0.1.1 | 20.00 | 116.65 | 136.65 | OK | |
r-devel-windows-x86_64 | 0.1.1 | 11.00 | 88.00 | 99.00 | OK | |
r-patched-linux-x86_64 | 0.1.1 | 7.45 | 72.16 | 79.61 | OK | |
r-release-linux-x86_64 | 0.1.1 | 8.03 | 72.27 | 80.30 | OK | |
r-release-macos-arm64 | 0.1.1 | 4.00 | 41.00 | 45.00 | OK | |
r-release-macos-x86_64 | 0.1.1 | 7.00 | 82.00 | 89.00 | OK | |
r-release-windows-x86_64 | 0.1.1 | 11.00 | 89.00 | 100.00 | OK | |
r-oldrel-macos-arm64 | 0.1.1 | 4.00 | 39.00 | 43.00 | OK | |
r-oldrel-macos-x86_64 | 0.1.1 | 7.00 | 66.00 | 73.00 | OK | |
r-oldrel-windows-x86_64 | 0.1.1 | 12.00 | 112.00 | 124.00 | OK |
Version: 0.1.1
Check: HTML version of manual
Result: NOTE
Found the following HTML validation problems:
get_default_embedding.html:54:1 (get_default_embedding.Rd:14): Warning: missing </ul> before </div>
read_embedding.html:56:1 (read_embedding.Rd:15): Warning: missing </ul> before </div>
Flavors: r-devel-linux-x86_64-debian-clang, r-devel-linux-x86_64-debian-gcc