Last updated on 2025-07-25 19:49:54 CEST.
Flavor | Version | Tinstall | Tcheck | Ttotal | Status | Flags |
---|---|---|---|---|---|---|
r-devel-linux-x86_64-debian-clang | 1.1.5 | 23.90 | 77.21 | 101.11 | NOTE | |
r-devel-linux-x86_64-debian-gcc | 1.1.6 | 14.89 | 54.63 | 69.52 | OK | |
r-devel-linux-x86_64-fedora-clang | 1.1.6 | 178.54 | OK | |||
r-devel-linux-x86_64-fedora-gcc | 1.1.6 | 173.13 | OK | |||
r-devel-windows-x86_64 | 1.1.5 | 29.00 | 122.00 | 151.00 | NOTE | |
r-patched-linux-x86_64 | 1.1.5 | 21.93 | 71.22 | 93.15 | NOTE | |
r-release-linux-x86_64 | 1.1.5 | 21.59 | 70.46 | 92.05 | NOTE | |
r-release-macos-arm64 | 1.1.5 | 49.00 | OK | |||
r-release-macos-x86_64 | 1.1.6 | 102.00 | OK | |||
r-release-windows-x86_64 | 1.1.6 | 30.00 | 119.00 | 149.00 | OK | |
r-oldrel-macos-arm64 | 1.1.5 | 47.00 | OK | |||
r-oldrel-macos-x86_64 | 1.1.6 | 109.00 | OK | |||
r-oldrel-windows-x86_64 | 1.1.6 | 37.00 | 139.00 | 176.00 | OK |
Version: 1.1.5
Check: Rd cross-references
Result: NOTE
Found the following Rd file(s) with Rd \link{} targets missing package
anchors:
sobol_dummy.Rd: boot
sobol_indices.Rd: boot
sobol_matrices.Rd: sobol, randomLHS
sobol_ode.Rd: ode
vars_matrices.Rd: sobol
Please provide package anchors for all Rd \link{} targets not in the
package itself and the base packages.
Flavors: r-devel-linux-x86_64-debian-clang, r-devel-windows-x86_64, r-patched-linux-x86_64, r-release-linux-x86_64