Last updated on 2025-11-22 03:51:06 CET.
| Flavor | Version | Tinstall | Tcheck | Ttotal | Status | Flags |
|---|---|---|---|---|---|---|
| r-devel-linux-x86_64-debian-clang | 1.0.0 | 2.05 | 22.33 | 24.38 | OK | |
| r-devel-linux-x86_64-debian-gcc | 1.0.0 | 1.69 | 19.17 | 20.86 | OK | |
| r-devel-linux-x86_64-fedora-clang | 1.0.0 | 36.34 | OK | |||
| r-devel-linux-x86_64-fedora-gcc | 1.0.0 | 33.99 | OK | |||
| r-devel-windows-x86_64 | 1.0.0 | 4.00 | 41.00 | 45.00 | OK | |
| r-patched-linux-x86_64 | 1.0.0 | 2.27 | 21.48 | 23.75 | OK | |
| r-release-linux-x86_64 | 1.0.0 | 1.93 | 21.43 | 23.36 | OK | |
| r-release-macos-arm64 | 1.0.0 | OK | ||||
| r-release-macos-x86_64 | 1.0.0 | 2.00 | 24.00 | 26.00 | OK | |
| r-release-windows-x86_64 | 1.0.0 | 4.00 | 41.00 | 45.00 | OK | |
| r-oldrel-macos-arm64 | 1.0.0 | NOTE | ||||
| r-oldrel-macos-x86_64 | 1.0.0 | 2.00 | 20.00 | 22.00 | NOTE | |
| r-oldrel-windows-x86_64 | 1.0.0 | 5.00 | 46.00 | 51.00 | NOTE |
Version: 1.0.0
Check: LazyData
Result: NOTE
'LazyData' is specified without a 'data' directory
Flavors: r-oldrel-macos-arm64, r-oldrel-macos-x86_64, r-oldrel-windows-x86_64