Last updated on 2025-10-22 11:51:24 CEST.
Flavor | Version | Tinstall | Tcheck | Ttotal | Status | Flags |
---|---|---|---|---|---|---|
r-devel-linux-x86_64-debian-clang | 0.2.1 | 2.90 | 35.96 | 38.86 | NOTE | |
r-devel-linux-x86_64-debian-gcc | 0.2.1 | 2.58 | 28.43 | 31.01 | NOTE | |
r-devel-linux-x86_64-fedora-clang | 0.2.1 | 58.45 | OK | |||
r-devel-linux-x86_64-fedora-gcc | 0.2.1 | 73.81 | OK | |||
r-devel-windows-x86_64 | 0.2.1 | 5.00 | 57.00 | 62.00 | OK | |
r-patched-linux-x86_64 | 0.2.1 | 3.93 | 34.14 | 38.07 | OK | |
r-release-linux-x86_64 | 0.2.1 | 3.45 | 33.93 | 37.38 | OK | |
r-release-macos-arm64 | 0.2.1 | 2.00 | 29.00 | 31.00 | OK | |
r-release-macos-x86_64 | 0.2.1 | 3.00 | 47.00 | 50.00 | OK | |
r-release-windows-x86_64 | 0.2.1 | 7.00 | 59.00 | 66.00 | OK | |
r-oldrel-macos-arm64 | 0.2.1 | 2.00 | 28.00 | 30.00 | OK | |
r-oldrel-macos-x86_64 | 0.2.1 | 3.00 | 38.00 | 41.00 | OK | |
r-oldrel-windows-x86_64 | 0.2.1 | 6.00 | 67.00 | 73.00 | OK |
Version: 0.2.1
Check: HTML version of manual
Result: NOTE
Found the following HTML validation problems:
validate_tab_name.html:46:1 (validate_tab_name.Rd:10): Warning: missing </ul> before </div>
Flavors: r-devel-linux-x86_64-debian-clang, r-devel-linux-x86_64-debian-gcc