Last updated on 2025-10-24 11:50:57 CEST.
| Flavor | Version | Tinstall | Tcheck | Ttotal | Status | Flags |
|---|---|---|---|---|---|---|
| r-devel-linux-x86_64-debian-clang | 1.0.3 | 1.59 | 25.07 | 26.66 | NOTE | |
| r-devel-linux-x86_64-debian-gcc | 1.0.3 | 1.50 | 20.74 | 22.24 | NOTE | |
| r-devel-linux-x86_64-fedora-clang | 1.0.3 | 41.15 | OK | |||
| r-devel-linux-x86_64-fedora-gcc | 1.0.3 | 54.69 | OK | |||
| r-devel-windows-x86_64 | 1.0.3 | 3.00 | 46.00 | 49.00 | OK | |
| r-patched-linux-x86_64 | 1.0.3 | 1.74 | 24.02 | 25.76 | OK | |
| r-release-linux-x86_64 | 1.0.3 | 1.68 | 23.90 | 25.58 | OK | |
| r-release-macos-arm64 | 1.0.3 | 1.00 | 33.00 | 34.00 | OK | |
| r-release-macos-x86_64 | 1.0.3 | 2.00 | 43.00 | 45.00 | OK | |
| r-release-windows-x86_64 | 1.0.3 | 4.00 | 45.00 | 49.00 | OK | |
| r-oldrel-macos-arm64 | 1.0.3 | 1.00 | 26.00 | 27.00 | OK | |
| r-oldrel-macos-x86_64 | 1.0.3 | 2.00 | 33.00 | 35.00 | OK | |
| r-oldrel-windows-x86_64 | 1.0.3 | 4.00 | 52.00 | 56.00 | OK |
Version: 1.0.3
Check: CRAN incoming feasibility
Result: NOTE
Maintainer: ‘Conor Neilson <condwanaland@gmail.com>’
No Authors@R field in DESCRIPTION.
Please add one, modifying
Authors@R: person(given = "Conor",
family = "Neilson",
role = c("aut", "cre"),
email = "condwanaland@gmail.com")
as necessary.
Flavors: r-devel-linux-x86_64-debian-clang, r-devel-linux-x86_64-debian-gcc