Last updated on 2025-10-24 11:50:57 CEST.
| Flavor | Version | Tinstall | Tcheck | Ttotal | Status | Flags |
|---|---|---|---|---|---|---|
| r-devel-linux-x86_64-debian-clang | 0.1.0 | 3.70 | 25.65 | 29.35 | NOTE | |
| r-devel-linux-x86_64-debian-gcc | 0.1.0 | 2.85 | 21.09 | 23.94 | NOTE | |
| r-devel-linux-x86_64-fedora-clang | 0.1.0 | 41.39 | OK | |||
| r-devel-linux-x86_64-fedora-gcc | 0.1.0 | 40.14 | OK | |||
| r-devel-windows-x86_64 | 0.1.0 | 5.00 | 44.00 | 49.00 | OK | |
| r-patched-linux-x86_64 | 0.1.0 | 4.15 | 23.64 | 27.79 | OK | |
| r-release-linux-x86_64 | 0.1.0 | 3.55 | 23.23 | 26.78 | OK | |
| r-release-macos-arm64 | 0.1.0 | 3.00 | 28.00 | 31.00 | OK | |
| r-release-macos-x86_64 | 0.1.0 | 4.00 | 24.00 | 28.00 | OK | |
| r-release-windows-x86_64 | 0.1.0 | 5.00 | 46.00 | 51.00 | OK | |
| r-oldrel-macos-arm64 | 0.1.0 | 2.00 | 16.00 | 18.00 | OK | |
| r-oldrel-macos-x86_64 | 0.1.0 | 4.00 | 23.00 | 27.00 | OK | |
| r-oldrel-windows-x86_64 | 0.1.0 | 6.00 | 51.00 | 57.00 | OK |
Version: 0.1.0
Check: CRAN incoming feasibility
Result: NOTE
Maintainer: ‘Andrew Heiss <andrew@andrewheiss.com>’
Found the following (possibly) invalid file URI:
URI: CONDUCT.md
From: README.md
Flavors: r-devel-linux-x86_64-debian-clang, r-devel-linux-x86_64-debian-gcc