Last updated on 2025-10-22 17:49:51 CEST.
Flavor | Version | Tinstall | Tcheck | Ttotal | Status | Flags |
---|---|---|---|---|---|---|
r-devel-linux-x86_64-debian-clang | 0.2.2 | 53.47 | 100.59 | 154.06 | NOTE | |
r-devel-linux-x86_64-debian-gcc | 0.2.2 | 38.91 | 76.00 | 114.91 | NOTE | |
r-devel-linux-x86_64-fedora-clang | 0.2.2 | 87.00 | 156.06 | 243.06 | OK | |
r-devel-linux-x86_64-fedora-gcc | 0.2.2 | 120.00 | 125.37 | 245.37 | OK | |
r-devel-windows-x86_64 | 0.2.2 | 56.00 | 116.00 | 172.00 | OK | |
r-patched-linux-x86_64 | 0.2.2 | 58.35 | 93.60 | 151.95 | OK | |
r-release-linux-x86_64 | 0.2.2 | 56.81 | 93.91 | 150.72 | OK | |
r-release-macos-arm64 | 0.2.2 | 23.00 | 40.00 | 63.00 | OK | |
r-release-macos-x86_64 | 0.2.2 | 39.00 | 67.00 | 106.00 | OK | |
r-release-windows-x86_64 | 0.2.2 | 57.00 | 120.00 | 177.00 | OK | |
r-oldrel-macos-arm64 | 0.2.2 | 24.00 | 48.00 | 72.00 | NOTE | |
r-oldrel-macos-x86_64 | 0.2.2 | 34.00 | 71.00 | 105.00 | NOTE | |
r-oldrel-windows-x86_64 | 0.2.2 | 68.00 | 150.00 | 218.00 | OK |
Version: 0.2.2
Check: HTML version of manual
Result: NOTE
Found the following HTML validation problems:
reset_array.html:50:1 (reset_array.Rd:12): Warning: missing </ul> before </div>
Flavors: r-devel-linux-x86_64-debian-clang, r-devel-linux-x86_64-debian-gcc
Version: 0.2.2
Check: installed package size
Result: NOTE
installed size is 20.7Mb
sub-directories of 1Mb or more:
libs 20.2Mb
Flavors: r-oldrel-macos-arm64, r-oldrel-macos-x86_64