Last updated on 2025-10-26 17:50:46 CET.
| Flavor | Version | Tinstall | Tcheck | Ttotal | Status | Flags |
|---|---|---|---|---|---|---|
| r-devel-linux-x86_64-debian-clang | 0.1.4 | 17.50 | 147.80 | 165.30 | NOTE | |
| r-devel-linux-x86_64-debian-gcc | 0.1.4 | 12.28 | 101.05 | 113.33 | NOTE | |
| r-devel-linux-x86_64-fedora-clang | 0.1.4 | 38.00 | 210.97 | 248.97 | OK | |
| r-devel-linux-x86_64-fedora-gcc | 0.1.4 | 41.00 | 211.64 | 252.64 | OK | |
| r-devel-windows-x86_64 | 0.1.4 | 18.00 | 167.00 | 185.00 | OK | |
| r-patched-linux-x86_64 | 0.1.4 | 17.51 | 137.18 | 154.69 | OK | |
| r-release-linux-x86_64 | 0.1.4 | 14.94 | 136.18 | 151.12 | OK | |
| r-release-macos-arm64 | 0.1.4 | 7.00 | 76.00 | 83.00 | OK | |
| r-release-macos-x86_64 | 0.1.4 | 14.00 | 135.00 | 149.00 | OK | |
| r-release-windows-x86_64 | 0.1.4 | 18.00 | 169.00 | 187.00 | OK | |
| r-oldrel-macos-arm64 | 0.1.4 | 7.00 | 77.00 | 84.00 | OK | |
| r-oldrel-macos-x86_64 | 0.1.4 | 12.00 | 114.00 | 126.00 | OK | |
| r-oldrel-windows-x86_64 | 0.1.4 | 24.00 | 222.00 | 246.00 | OK |
Version: 0.1.4
Check: CRAN incoming feasibility
Result: NOTE
Maintainer: ‘Xudong Han <hanxd1217@163.com>’
The Description field contains
Thomas N. Kipf (2017) <arXiv:1609.02907v4>) to construct the gene-cell
Please refer to arXiv e-prints via their arXiv DOI <doi:10.48550/arXiv.YYMM.NNNNN>.
Flavors: r-devel-linux-x86_64-debian-clang, r-devel-linux-x86_64-debian-gcc