Last updated on 2024-06-10 10:58:54 CEST.
Flavor | Version | Tinstall | Tcheck | Ttotal | Status | Flags |
---|---|---|---|---|---|---|
r-devel-linux-x86_64-debian-clang | 1.0.4 | 45.26 | 124.04 | 169.30 | NOTE | |
r-devel-linux-x86_64-debian-gcc | 1.0.4 | 29.55 | 96.94 | 126.49 | NOTE | |
r-devel-linux-x86_64-fedora-clang | 1.0.4 | 222.39 | NOTE | |||
r-devel-linux-x86_64-fedora-gcc | 1.0.4 | 213.04 | NOTE | |||
r-devel-windows-x86_64 | 1.0.4 | 34.00 | 147.00 | 181.00 | NOTE | |
r-patched-linux-x86_64 | 1.0.4 | 37.64 | 119.78 | 157.42 | NOTE | |
r-release-linux-x86_64 | 1.0.4 | 40.24 | 117.32 | 157.56 | NOTE | |
r-release-macos-arm64 | 1.0.4 | 62.00 | NOTE | |||
r-release-macos-x86_64 | 1.0.4 | 103.00 | NOTE | |||
r-release-windows-x86_64 | 1.0.4 | 34.00 | 153.00 | 187.00 | NOTE | |
r-oldrel-macos-arm64 | 1.0.4 | 82.00 | NOTE | |||
r-oldrel-macos-x86_64 | 1.0.4 | 132.00 | NOTE | |||
r-oldrel-windows-x86_64 | 1.0.4 | 40.00 | 174.00 | 214.00 | NOTE |
Version: 1.0.4
Check: C++ specification
Result: NOTE
Specified C++11: please drop specification unless essential
Flavors: r-devel-linux-x86_64-debian-clang, r-devel-linux-x86_64-debian-gcc, r-devel-linux-x86_64-fedora-clang, r-devel-linux-x86_64-fedora-gcc, r-devel-windows-x86_64, r-patched-linux-x86_64, r-release-linux-x86_64, r-release-macos-arm64, r-release-macos-x86_64, r-release-windows-x86_64, r-oldrel-macos-arm64, r-oldrel-macos-x86_64, r-oldrel-windows-x86_64