Last updated on 2025-11-04 13:50:25 CET.
| Flavor | Version | Tinstall | Tcheck | Ttotal | Status | Flags |
|---|---|---|---|---|---|---|
| r-devel-linux-x86_64-debian-clang | 1.0.3 | 37.16 | 76.55 | 113.71 | NOTE | |
| r-devel-linux-x86_64-debian-gcc | 1.0.3 | 27.63 | 58.23 | 85.86 | NOTE | |
| r-devel-linux-x86_64-fedora-clang | 1.0.3 | 66.00 | 116.48 | 182.48 | OK | |
| r-devel-linux-x86_64-fedora-gcc | 1.0.3 | 80.00 | 100.70 | 180.70 | OK | |
| r-devel-windows-x86_64 | 1.0.3 | 41.00 | 103.00 | 144.00 | OK | |
| r-patched-linux-x86_64 | 1.0.3 | 35.46 | 76.87 | 112.33 | OK | |
| r-release-linux-x86_64 | 1.0.3 | 36.38 | 76.80 | 113.18 | OK | |
| r-release-macos-arm64 | 1.0.3 | 16.00 | 36.00 | 52.00 | OK | |
| r-release-macos-x86_64 | 1.0.3 | 27.00 | 65.00 | 92.00 | OK | |
| r-release-windows-x86_64 | 1.0.3 | 38.00 | 101.00 | 139.00 | OK | |
| r-oldrel-macos-arm64 | 1.0.3 | 16.00 | 41.00 | 57.00 | NOTE | |
| r-oldrel-macos-x86_64 | 1.0.3 | 24.00 | 66.00 | 90.00 | NOTE | |
| r-oldrel-windows-x86_64 | 1.0.3 | 51.00 | 140.00 | 191.00 | OK |
Version: 1.0.3
Check: CRAN incoming feasibility
Result: NOTE
Maintainer: ‘Viktoriya Krakovna <vkrakovna@gmail.com>’
No Authors@R field in DESCRIPTION.
Please add one, modifying
Authors@R: person(given = "Viktoriya",
family = "Krakovna",
role = c("aut", "cre"),
email = "vkrakovna@gmail.com")
as necessary.
The Description field contains
(2015), <arXiv:1506.02371>.
Please refer to arXiv e-prints via their arXiv DOI <doi:10.48550/arXiv.YYMM.NNNNN>.
Flavors: r-devel-linux-x86_64-debian-clang, r-devel-linux-x86_64-debian-gcc
Version: 1.0.3
Check: installed package size
Result: NOTE
installed size is 5.4Mb
sub-directories of 1Mb or more:
data 2.3Mb
libs 3.0Mb
Flavors: r-oldrel-macos-arm64, r-oldrel-macos-x86_64