Last updated on 2025-10-31 14:49:52 CET.
| Flavor | Version | Tinstall | Tcheck | Ttotal | Status | Flags | 
|---|---|---|---|---|---|---|
| r-devel-linux-x86_64-debian-clang | 1.2.4 | 6.58 | 212.43 | 219.01 | NOTE | |
| r-devel-linux-x86_64-debian-gcc | 1.2.4 | 4.53 | 143.03 | 147.56 | NOTE | |
| r-devel-linux-x86_64-fedora-clang | 1.2.4 | 14.00 | 316.66 | 330.66 | OK | |
| r-devel-linux-x86_64-fedora-gcc | 1.2.4 | 38.00 | 333.22 | 371.22 | OK | |
| r-devel-windows-x86_64 | 1.2.4 | 11.00 | 188.00 | 199.00 | OK | |
| r-patched-linux-x86_64 | 1.2.4 | 7.16 | 202.33 | 209.49 | OK | |
| r-release-linux-x86_64 | 1.2.4 | 5.45 | 200.72 | 206.17 | OK | |
| r-release-macos-arm64 | 1.2.4 | 3.00 | 80.00 | 83.00 | OK | |
| r-release-macos-x86_64 | 1.2.4 | 6.00 | 174.00 | 180.00 | OK | |
| r-release-windows-x86_64 | 1.2.4 | 12.00 | 190.00 | 202.00 | OK | |
| r-oldrel-macos-arm64 | 1.2.4 | 3.00 | 83.00 | 86.00 | OK | |
| r-oldrel-macos-x86_64 | 1.2.4 | 5.00 | 130.00 | 135.00 | OK | |
| r-oldrel-windows-x86_64 | 1.2.4 | 12.00 | 247.00 | 259.00 | OK | 
Version: 1.2.4
Check: CRAN incoming feasibility
Result: NOTE
  Maintainer: ‘Arnaud Wolfer <adwolfer@gmail.com>’
  
  The BugReports field in DESCRIPTION has
    https://github.com/adwolfer/santaR/issues/new
  which should likely be
    https://github.com/adwolfer/santaR/issues/new/issues
  instead.
Flavors: r-devel-linux-x86_64-debian-clang, r-devel-linux-x86_64-debian-gcc