Last updated on 2025-11-02 08:48:52 CET.
| Flavor | Version | Tinstall | Tcheck | Ttotal | Status | Flags |
|---|---|---|---|---|---|---|
| r-devel-linux-x86_64-debian-clang | 0.3.0 | 9.43 | 88.73 | 98.16 | NOTE | |
| r-devel-linux-x86_64-debian-gcc | 0.3.0 | 6.47 | 62.05 | 68.52 | NOTE | |
| r-devel-linux-x86_64-fedora-clang | 0.3.0 | 20.00 | 129.83 | 149.83 | NOTE | |
| r-devel-linux-x86_64-fedora-gcc | 0.3.0 | 20.00 | 120.14 | 140.14 | NOTE | |
| r-devel-windows-x86_64 | 0.3.0 | 12.00 | 94.00 | 106.00 | NOTE | |
| r-patched-linux-x86_64 | 0.3.0 | 9.83 | 82.55 | 92.38 | NOTE | |
| r-release-linux-x86_64 | 0.3.0 | 9.38 | 82.17 | 91.55 | NOTE | |
| r-release-macos-arm64 | 0.3.0 | 5.00 | 34.00 | 39.00 | NOTE | |
| r-release-macos-x86_64 | 0.3.0 | 6.00 | 58.00 | 64.00 | NOTE | |
| r-release-windows-x86_64 | 0.3.0 | 13.00 | 92.00 | 105.00 | NOTE | |
| r-oldrel-macos-arm64 | 0.3.0 | 4.00 | 35.00 | 39.00 | NOTE | |
| r-oldrel-macos-x86_64 | 0.3.0 | 7.00 | 57.00 | 64.00 | NOTE | |
| r-oldrel-windows-x86_64 | 0.3.0 | 16.00 | 119.00 | 135.00 | NOTE |
Version: 0.3.0
Check: Rd files
Result: NOTE
checkRd: (-1) QT_Outlier_Explorer.Rd:24: Lost braces in \itemize; meant \describe ?
checkRd: (-1) QT_Outlier_Explorer.Rd:25: Lost braces in \itemize; meant \describe ?
checkRd: (-1) QT_Outlier_Explorer.Rd:26: Lost braces in \itemize; meant \describe ?
checkRd: (-1) QT_Outlier_Explorer.Rd:27: Lost braces in \itemize; meant \describe ?
checkRd: (-1) QT_Outlier_Explorer.Rd:28: Lost braces in \itemize; meant \describe ?
checkRd: (-1) QT_Outlier_Explorer.Rd:29: Lost braces in \itemize; meant \describe ?
checkRd: (-1) QT_Outlier_Explorer.Rd:30: Lost braces in \itemize; meant \describe ?
checkRd: (-1) QT_Outlier_Explorer.Rd:31: Lost braces in \itemize; meant \describe ?
checkRd: (-1) safety_outlier_explorer.Rd:24: Lost braces in \itemize; meant \describe ?
checkRd: (-1) safety_outlier_explorer.Rd:25: Lost braces in \itemize; meant \describe ?
checkRd: (-1) safety_outlier_explorer.Rd:26: Lost braces in \itemize; meant \describe ?
checkRd: (-1) safety_outlier_explorer.Rd:27: Lost braces in \itemize; meant \describe ?
checkRd: (-1) safety_outlier_explorer.Rd:28: Lost braces in \itemize; meant \describe ?
checkRd: (-1) safety_results_over_time.Rd:24: Lost braces in \itemize; meant \describe ?
checkRd: (-1) safety_results_over_time.Rd:25: Lost braces in \itemize; meant \describe ?
checkRd: (-1) safety_results_over_time.Rd:26: Lost braces in \itemize; meant \describe ?
checkRd: (-1) safety_results_over_time.Rd:27: Lost braces in \itemize; meant \describe ?
checkRd: (-1) safety_results_over_time.Rd:28: Lost braces in \itemize; meant \describe ?
checkRd: (-1) safety_results_over_time.Rd:29: Lost braces in \itemize; meant \describe ?
checkRd: (-1) safety_results_over_time.Rd:30: Lost braces in \itemize; meant \describe ?
checkRd: (-1) safety_results_over_time.Rd:31: Lost braces in \itemize; meant \describe ?
checkRd: (-1) safety_results_over_time.Rd:32: Lost braces in \itemize; meant \describe ?
checkRd: (-1) safety_results_over_time.Rd:33: Lost braces in \itemize; meant \describe ?
checkRd: (-1) tendril_chart.Rd:18: Lost braces
18 | Create a plot using the {{Tendril}} package
| ^
checkRd: (-1) tendril_chart.Rd:24: Lost braces in \itemize; meant \describe ?
checkRd: (-1) tendril_chart.Rd:25: Lost braces in \itemize; meant \describe ?
checkRd: (-1) tendril_chart.Rd:26: Lost braces in \itemize; meant \describe ?
checkRd: (-1) tendril_chart.Rd:27: Lost braces in \itemize; meant \describe ?
checkRd: (-1) tendril_chart.Rd:28: Lost braces in \itemize; meant \describe ?
checkRd: (-1) tendril_chart.Rd:29: Lost braces in \itemize; meant \describe ?
checkRd: (-1) tendril_chart.Rd:30: Lost braces in \itemize; meant \describe ?
Flavors: r-devel-linux-x86_64-debian-clang, r-devel-linux-x86_64-debian-gcc, r-devel-linux-x86_64-fedora-clang, r-devel-linux-x86_64-fedora-gcc, r-devel-windows-x86_64, r-patched-linux-x86_64, r-release-linux-x86_64, r-release-macos-arm64, r-release-macos-x86_64, r-release-windows-x86_64, r-oldrel-macos-arm64, r-oldrel-macos-x86_64, r-oldrel-windows-x86_64