Last updated on 2025-10-31 01:49:14 CET.
| Flavor | Version | Tinstall | Tcheck | Ttotal | Status | Flags | 
|---|---|---|---|---|---|---|
| r-devel-linux-x86_64-debian-clang | 1.0.27 | 2.98 | 27.09 | 30.07 | NOTE | |
| r-devel-linux-x86_64-debian-gcc | 1.0.27 | 2.16 | 21.13 | 23.29 | NOTE | |
| r-devel-linux-x86_64-fedora-clang | 1.0.27 | 46.05 | OK | |||
| r-devel-linux-x86_64-fedora-gcc | 1.0.27 | 44.41 | OK | |||
| r-devel-windows-x86_64 | 1.0.27 | 5.00 | 46.00 | 51.00 | OK | |
| r-patched-linux-x86_64 | 1.0.27 | 3.18 | 25.81 | 28.99 | OK | |
| r-release-linux-x86_64 | 1.0.27 | 2.74 | 25.54 | 28.28 | OK | |
| r-release-macos-arm64 | 1.0.27 | 2.00 | 16.00 | 18.00 | OK | |
| r-release-macos-x86_64 | 1.0.27 | 2.00 | 32.00 | 34.00 | OK | |
| r-release-windows-x86_64 | 1.0.27 | 5.00 | 47.00 | 52.00 | OK | |
| r-oldrel-macos-arm64 | 1.0.27 | 1.00 | 15.00 | 16.00 | OK | |
| r-oldrel-macos-x86_64 | 1.0.27 | 2.00 | 23.00 | 25.00 | OK | |
| r-oldrel-windows-x86_64 | 1.0.27 | 7.00 | 53.00 | 60.00 | OK | 
Version: 1.0.27
Check: CRAN incoming feasibility
Result: NOTE
  Maintainer: ‘David Hervas <ddhervas@yahoo.es>’
  
  No Authors@R field in DESCRIPTION.
  Please add one, modifying
    Authors@R: person(given = "David",
                      family = "Hervas",
                      role = c("aut", "cre"),
                      email = "ddhervas@yahoo.es")
  as necessary.
Flavors: r-devel-linux-x86_64-debian-clang, r-devel-linux-x86_64-debian-gcc