Last updated on 2025-11-16 06:49:56 CET.
| Flavor | Version | Tinstall | Tcheck | Ttotal | Status | Flags |
|---|---|---|---|---|---|---|
| r-devel-linux-x86_64-debian-clang | 0.1.0 | 7.38 | 50.85 | 58.23 | NOTE | |
| r-devel-linux-x86_64-debian-gcc | 0.1.0 | 3.73 | 37.81 | 41.54 | NOTE | |
| r-devel-linux-x86_64-fedora-clang | 0.1.0 | 18.00 | 72.65 | 90.65 | OK | |
| r-devel-linux-x86_64-fedora-gcc | 0.1.0 | 27.00 | 65.21 | 92.21 | OK | |
| r-devel-windows-x86_64 | 0.1.0 | 10.00 | 63.00 | 73.00 | OK | |
| r-patched-linux-x86_64 | 0.1.0 | 6.24 | 48.60 | 54.84 | OK | |
| r-release-linux-x86_64 | 0.1.0 | 6.97 | 49.19 | 56.16 | OK | |
| r-release-macos-arm64 | 0.1.0 | 3.00 | 25.00 | 28.00 | OK | |
| r-release-macos-x86_64 | 0.1.0 | 7.00 | 42.00 | 49.00 | OK | |
| r-release-windows-x86_64 | 0.1.0 | 9.00 | 62.00 | 71.00 | OK | |
| r-oldrel-macos-arm64 | 0.1.0 | 3.00 | 25.00 | 28.00 | OK | |
| r-oldrel-macos-x86_64 | 0.1.0 | 5.00 | 35.00 | 40.00 | OK | |
| r-oldrel-windows-x86_64 | 0.1.0 | 12.00 | 77.00 | 89.00 | OK |
Version: 0.1.0
Check: CRAN incoming feasibility
Result: NOTE
Maintainer: ‘Gabriel Loewinger <gloewinger@gmail.com>’
The Description field contains
Loewinger et al., (2022) <arXiv:2212.08697>.
Please refer to arXiv e-prints via their arXiv DOI <doi:10.48550/arXiv.YYMM.NNNNN>.
Flavors: r-devel-linux-x86_64-debian-clang, r-devel-linux-x86_64-debian-gcc