CRAN Package Check Results for Package sMTL

Last updated on 2025-07-22 16:49:47 CEST.

Flavor Version Tinstall Tcheck Ttotal Status Flags
r-devel-linux-x86_64-debian-clang 0.1.0 7.45 50.41 57.86 NOTE
r-devel-linux-x86_64-debian-gcc 0.1.0 4.56 36.35 40.91 NOTE
r-devel-linux-x86_64-fedora-clang 0.1.0 90.66 OK
r-devel-linux-x86_64-fedora-gcc 0.1.0 85.15 OK
r-devel-windows-x86_64 0.1.0 8.00 63.00 71.00 OK
r-patched-linux-x86_64 0.1.0 7.16 46.73 53.89 OK
r-release-linux-x86_64 0.1.0 6.59 46.76 53.35 OK
r-release-macos-arm64 0.1.0 28.00 OK
r-release-macos-x86_64 0.1.0 49.00 OK
r-release-windows-x86_64 0.1.0 9.00 67.00 76.00 OK
r-oldrel-macos-arm64 0.1.0 28.00 OK
r-oldrel-macos-x86_64 0.1.0 40.00 OK
r-oldrel-windows-x86_64 0.1.0 11.00 76.00 87.00 OK

Check Details

Version: 0.1.0
Check: CRAN incoming feasibility
Result: NOTE Maintainer: ‘Gabriel Loewinger <gloewinger@gmail.com>’ The Description field contains Loewinger et al., (2022) <arXiv:2212.08697>. Please refer to arXiv e-prints via their arXiv DOI <doi:10.48550/arXiv.YYMM.NNNNN>. Flavors: r-devel-linux-x86_64-debian-clang, r-devel-linux-x86_64-debian-gcc