CRAN Package Check Results for Package sFFLHD

Last updated on 2025-11-22 03:51:06 CET.

Flavor Version Tinstall Tcheck Ttotal Status Flags
r-devel-linux-x86_64-debian-clang 0.1.2 3.68 53.96 57.64 NOTE
r-devel-linux-x86_64-debian-gcc 0.1.2 2.57 38.64 41.21 NOTE
r-devel-linux-x86_64-fedora-clang 0.1.2 34.00 63.69 97.69 NOTE
r-devel-linux-x86_64-fedora-gcc 0.1.2 40.00 56.95 96.95 NOTE
r-devel-windows-x86_64 0.1.2 7.00 66.00 73.00 OK
r-patched-linux-x86_64 0.1.2 4.81 51.38 56.19 OK
r-release-linux-x86_64 0.1.2 4.76 50.76 55.52 OK
r-release-macos-arm64 0.1.2 OK
r-release-macos-x86_64 0.1.2 4.00 53.00 57.00 OK
r-release-windows-x86_64 0.1.2 7.00 66.00 73.00 OK
r-oldrel-macos-arm64 0.1.2 NOTE
r-oldrel-macos-x86_64 0.1.2 3.00 39.00 42.00 NOTE
r-oldrel-windows-x86_64 0.1.2 8.00 81.00 89.00 NOTE

Check Details

Version: 0.1.2
Check: CRAN incoming feasibility
Result: NOTE Maintainer: ‘Collin Erickson <collinberickson@gmail.com>’ No Authors@R field in DESCRIPTION. Please add one, modifying Authors@R: person(given = "Collin", family = "Erickson", role = c("aut", "cre"), email = "collinberickson@gmail.com") as necessary. Flavors: r-devel-linux-x86_64-debian-clang, r-devel-linux-x86_64-debian-gcc

Version: 0.1.2
Check: dependencies in R code
Result: NOTE Namespace in Imports field not imported from: ‘R6’ All declared Imports should be used. Flavors: r-devel-linux-x86_64-fedora-clang, r-devel-linux-x86_64-fedora-gcc

Version: 0.1.2
Check: LazyData
Result: NOTE 'LazyData' is specified without a 'data' directory Flavors: r-oldrel-macos-arm64, r-oldrel-macos-x86_64, r-oldrel-windows-x86_64