Last updated on 2025-10-26 00:48:57 CEST.
| Flavor | Version | Tinstall | Tcheck | Ttotal | Status | Flags |
|---|---|---|---|---|---|---|
| r-devel-linux-x86_64-debian-clang | 0.1.0 | 2.18 | 27.35 | 29.53 | NOTE | |
| r-devel-linux-x86_64-debian-gcc | 0.1.0 | 1.85 | 22.49 | 24.34 | NOTE | |
| r-devel-linux-x86_64-fedora-clang | 0.1.0 | 42.61 | NOTE | |||
| r-devel-linux-x86_64-fedora-gcc | 0.1.0 | 42.41 | NOTE | |||
| r-devel-windows-x86_64 | 0.1.0 | 3.00 | 43.00 | 46.00 | NOTE | |
| r-patched-linux-x86_64 | 0.1.0 | 2.28 | 25.15 | 27.43 | NOTE | |
| r-release-linux-x86_64 | 0.1.0 | 1.92 | 25.17 | 27.09 | NOTE | |
| r-release-macos-arm64 | 0.1.0 | 2.00 | 19.00 | 21.00 | NOTE | |
| r-release-macos-x86_64 | 0.1.0 | 2.00 | 30.00 | 32.00 | NOTE | |
| r-release-windows-x86_64 | 0.1.0 | 5.00 | 45.00 | 50.00 | NOTE | |
| r-oldrel-macos-arm64 | 0.1.0 | 1.00 | 17.00 | 18.00 | OK | |
| r-oldrel-macos-x86_64 | 0.1.0 | 2.00 | 24.00 | 26.00 | OK | |
| r-oldrel-windows-x86_64 | 0.1.0 | 5.00 | 53.00 | 58.00 | OK |
Version: 0.1.0
Check: DESCRIPTION meta-information
Result: NOTE
Missing dependency on R >= 4.1.0 because package code uses the pipe
|> or function shorthand \(...) syntax added in R 4.1.0.
File(s) using such syntax:
‘str_rtl.Rd’
Flavors: r-devel-linux-x86_64-debian-clang, r-devel-linux-x86_64-debian-gcc, r-devel-linux-x86_64-fedora-clang, r-devel-linux-x86_64-fedora-gcc, r-devel-windows-x86_64, r-patched-linux-x86_64, r-release-linux-x86_64, r-release-macos-arm64, r-release-macos-x86_64, r-release-windows-x86_64