Last updated on 2025-07-19 08:48:50 CEST.
Flavor | Version | Tinstall | Tcheck | Ttotal | Status | Flags |
---|---|---|---|---|---|---|
r-devel-linux-x86_64-debian-clang | 0.0.7 | 137.50 | 30.57 | 168.07 | OK | |
r-devel-linux-x86_64-debian-gcc | 0.0.7 | 108.05 | 24.44 | 132.49 | OK | |
r-devel-linux-x86_64-fedora-clang | 0.0.7 | 261.92 | OK | |||
r-devel-linux-x86_64-fedora-gcc | 0.0.7 | 260.25 | OK | |||
r-devel-windows-x86_64 | 0.0.7 | 118.00 | 89.00 | 207.00 | OK | |
r-patched-linux-x86_64 | 0.0.7 | 140.72 | 27.61 | 168.33 | OK | |
r-release-linux-x86_64 | 0.0.7 | 139.56 | 27.63 | 167.19 | OK | |
r-release-macos-arm64 | 0.0.7 | 70.00 | OK | |||
r-release-macos-x86_64 | 0.0.7 | 91.00 | OK | |||
r-release-windows-x86_64 | 0.0.7 | 130.00 | 89.00 | 219.00 | OK | |
r-oldrel-macos-arm64 | 0.0.7 | 69.00 | NOTE | |||
r-oldrel-macos-x86_64 | 0.0.7 | 99.00 | NOTE | |||
r-oldrel-windows-x86_64 | 0.0.7 | 109.00 | 101.00 | 210.00 | NOTE |
Version: 0.0.7
Check: installed package size
Result: NOTE
installed size is 12.7Mb
sub-directories of 1Mb or more:
libs 12.6Mb
Flavors: r-oldrel-macos-arm64, r-oldrel-macos-x86_64, r-oldrel-windows-x86_64